Last updated on 2023-12-02 16:49:10 CET.
Flavor | Version | Tinstall | Tcheck | Ttotal | Status | Flags |
---|---|---|---|---|---|---|
r-devel-linux-x86_64-debian-clang | 0.1.2 | 35.60 | 44.55 | 80.15 | NOTE | |
r-devel-linux-x86_64-debian-gcc | 0.1.2 | 28.79 | 33.98 | 62.77 | NOTE | |
r-devel-linux-x86_64-fedora-clang | 0.1.2 | 105.53 | NOTE | |||
r-devel-linux-x86_64-fedora-gcc | 0.1.2 | 111.44 | NOTE | |||
r-devel-windows-x86_64 | 0.1.2 | 23.00 | 81.00 | 104.00 | NOTE | |
r-patched-linux-x86_64 | 0.1.2 | 37.70 | 42.92 | 80.62 | NOTE | |
r-release-linux-x86_64 | 0.1.2 | 31.13 | 42.94 | 74.07 | NOTE | |
r-release-macos-arm64 | 0.1.2 | 32.00 | NOTE | |||
r-release-macos-x86_64 | 0.1.2 | 52.00 | NOTE | |||
r-release-windows-x86_64 | 0.1.2 | 28.00 | 89.00 | 117.00 | NOTE | |
r-oldrel-macos-arm64 | 0.1.2 | 29.00 | OK | |||
r-oldrel-macos-x86_64 | 0.1.2 | 42.00 | OK | |||
r-oldrel-windows-x86_64 | 0.1.2 | 37.00 | 83.00 | 120.00 | OK |
Version: 0.1.2
Check: C++ specification
Result: NOTE
Specified C++11: please drop specification unless essential
Flavors: r-devel-linux-x86_64-debian-clang, r-devel-linux-x86_64-debian-gcc, r-devel-linux-x86_64-fedora-clang, r-devel-linux-x86_64-fedora-gcc, r-devel-windows-x86_64, r-patched-linux-x86_64, r-release-linux-x86_64, r-release-macos-arm64, r-release-macos-x86_64, r-release-windows-x86_64