CRAN Package Check Results for Package comparison

Last updated on 2024-05-20 00:51:48 CEST.

Flavor Version Tinstall Tcheck Ttotal Status Flags
r-devel-linux-x86_64-debian-clang 1.0.8 8.83 81.01 89.84 NOTE
r-devel-linux-x86_64-debian-gcc 1.0.8 4.64 57.85 62.49 NOTE
r-devel-linux-x86_64-fedora-clang 1.0.8 113.62 NOTE
r-devel-linux-x86_64-fedora-gcc 1.0.8 137.82 NOTE
r-devel-windows-x86_64 1.0.8 8.00 73.00 81.00 NOTE
r-patched-linux-x86_64 1.0.8 6.19 75.69 81.88 NOTE
r-release-linux-x86_64 1.0.8 6.38 77.53 83.91 NOTE
r-release-macos-arm64 1.0.8 33.00 NOTE
r-release-windows-x86_64 1.0.8 8.00 76.00 84.00 NOTE
r-oldrel-macos-arm64 1.0.8 32.00 OK
r-oldrel-macos-x86_64 1.0.8 76.00 OK
r-oldrel-windows-x86_64 1.0.8 11.00 86.00 97.00 OK

Check Details

Version: 1.0.8
Check: Rd files
Result: NOTE checkRd: (-1) glass.Rd:10: Lost braces 10 | \item{item}{factor}{200 levels - which item the measurements came from} | ^ checkRd: (-1) glass.Rd:11-12: Lost braces 11 | \item{fragment}{factor}{4 levels - which of the four fragments from each item the observations were made | ^ checkRd: (-1) glass.Rd:13: Lost braces 13 | \item{logNaO}{numeric}{log of sodium concentration to oxygen concentration} | ^ checkRd: (-1) glass.Rd:14: Lost braces 14 | \item{logMgO}{numeric}{log of magnesium concentration to oxygen concentration} | ^ checkRd: (-1) glass.Rd:15: Lost braces 15 | \item{logAlO}{numeric}{log of aluminium concentration to oxygen concentration} | ^ checkRd: (-1) glass.Rd:16: Lost braces 16 | \item{logSiO}{numeric}{log of silicon concentration to oxygen concentration} | ^ checkRd: (-1) glass.Rd:17: Lost braces 17 | \item{logKO}{numeric}{log of potassium concentration to oxygen concentration} | ^ checkRd: (-1) glass.Rd:18: Lost braces 18 | \item{logCaO}{numeric}{log of calcium concentration to oxygen concentration} | ^ checkRd: (-1) glass.Rd:19: Lost braces 19 | \item{logFeO}{numeric}{log of iron concentration to oxygen concentration} | ^ Flavors: r-devel-linux-x86_64-debian-clang, r-devel-linux-x86_64-debian-gcc, r-devel-linux-x86_64-fedora-clang, r-devel-linux-x86_64-fedora-gcc, r-devel-windows-x86_64, r-patched-linux-x86_64, r-release-linux-x86_64, r-release-macos-arm64, r-release-windows-x86_64