CRAN Package Check Results for Package compas

Last updated on 2021-12-02 00:49:06 CET.

Flavor Version Tinstall Tcheck Ttotal Status Flags
r-devel-linux-x86_64-debian-clang 0.1 91.13 28.09 119.22 OK
r-devel-linux-x86_64-debian-gcc 0.1 70.36 25.42 95.78 OK
r-devel-linux-x86_64-fedora-clang 0.1 190.74 NOTE
r-devel-linux-x86_64-fedora-gcc 0.1 166.19 OK
r-devel-windows-x86_64-new-UL 0.1 108.00 104.00 212.00 OK
r-devel-windows-x86_64-new-TK 0.1 OK
r-devel-windows-x86_64-old 0.1 105.00 55.00 160.00 OK
r-patched-linux-x86_64 0.1 86.39 30.02 116.41 OK
r-patched-solaris-x86 0.1 161.50 OK
r-release-linux-x86_64 0.1 82.87 30.62 113.49 OK
r-release-macos-arm64 0.1 NOTE
r-release-macos-x86_64 0.1 NOTE
r-release-windows-ix86+x86_64 0.1 204.00 77.00 281.00 OK
r-oldrel-macos-x86_64 0.1 NOTE
r-oldrel-windows-ix86+x86_64 0.1 200.00 74.00 274.00 OK

Check Details

Version: 0.1
Check: installed package size
Result: NOTE
     installed size is 26.8Mb
     sub-directories of 1Mb or more:
     R 1.5Mb
     libs 25.1Mb
Flavors: r-devel-linux-x86_64-fedora-clang, r-release-macos-arm64, r-release-macos-x86_64, r-oldrel-macos-x86_64