CRAN Package Check Results for Package completejourney

Last updated on 2021-10-23 00:48:49 CEST.

Flavor Version Tinstall Tcheck Ttotal Status Flags
r-devel-linux-x86_64-debian-clang 1.1.0 11.47 52.06 63.53 OK
r-devel-linux-x86_64-debian-gcc 1.1.0 9.70 40.88 50.58 OK
r-devel-linux-x86_64-fedora-clang 1.1.0 89.42 OK
r-devel-linux-x86_64-fedora-gcc 1.1.0 77.95 OK
r-devel-windows-x86_64 1.1.0 21.00 80.00 101.00 OK
r-devel-windows-x86_64-gcc10-UCRT 1.1.0 OK
r-patched-linux-x86_64 1.1.0 12.74 49.09 61.83 OK
r-patched-solaris-x86 1.1.0 117.90 OK
r-release-linux-x86_64 1.1.0 11.24 48.76 60.00 OK
r-release-macos-arm64 1.1.0 NOTE
r-release-macos-x86_64 1.1.0 OK
r-release-windows-ix86+x86_64 1.1.0 19.00 74.00 93.00 OK
r-oldrel-macos-x86_64 1.1.0 OK
r-oldrel-windows-ix86+x86_64 1.1.0 26.00 76.00 102.00 OK

Check Details

Version: 1.1.0
Check: installed package size
Result: NOTE
     installed size is 5.2Mb
     sub-directories of 1Mb or more:
     data 4.9Mb
Flavor: r-release-macos-arm64