Last updated on 2023-12-10 08:48:21 CET.
Flavor | Version | Tinstall | Tcheck | Ttotal | Status | Flags |
---|---|---|---|---|---|---|
r-devel-linux-x86_64-debian-clang | 1.0.5 | 523.79 | 217.65 | 741.44 | NOTE | |
r-devel-linux-x86_64-debian-gcc | 1.0.5 | 439.62 | 186.96 | 626.58 | NOTE | |
r-devel-linux-x86_64-fedora-clang | 1.0.5 | 935.64 | NOTE | |||
r-devel-linux-x86_64-fedora-gcc | 1.0.5 | 1183.38 | NOTE | |||
r-devel-windows-x86_64 | 1.0.5 | 407.00 | 201.00 | 608.00 | NOTE | |
r-patched-linux-x86_64 | 1.0.5 | 425.43 | 246.94 | 672.37 | NOTE | |
r-release-linux-x86_64 | 1.0.5 | 459.66 | 244.82 | 704.48 | NOTE | |
r-release-macos-arm64 | 1.0.5 | 250.00 | NOTE | |||
r-release-macos-x86_64 | 1.0.5 | 379.00 | NOTE | |||
r-release-windows-x86_64 | 1.0.5 | 508.00 | 258.00 | 766.00 | NOTE | |
r-oldrel-macos-arm64 | 1.0.5 | 198.00 | NOTE | |||
r-oldrel-macos-x86_64 | 1.0.5 | 290.00 | NOTE | |||
r-oldrel-windows-x86_64 | 1.0.5 | 478.00 | 238.00 | 716.00 | NOTE |
Version: 1.0.5
Check: for GNU extensions in Makefiles
Result: NOTE
GNU make is a SystemRequirements.
Flavors: r-devel-linux-x86_64-debian-clang, r-devel-linux-x86_64-debian-gcc, r-devel-linux-x86_64-fedora-clang, r-devel-linux-x86_64-fedora-gcc, r-devel-windows-x86_64, r-patched-linux-x86_64, r-release-linux-x86_64, r-release-macos-arm64, r-release-macos-x86_64, r-release-windows-x86_64, r-oldrel-macos-arm64, r-oldrel-macos-x86_64, r-oldrel-windows-x86_64
Version: 1.0.5
Check: installed package size
Result: NOTE
installed size is 6.1Mb
sub-directories of 1Mb or more:
libs 4.8Mb
Flavors: r-devel-linux-x86_64-fedora-clang, r-devel-windows-x86_64, r-release-macos-arm64, r-release-macos-x86_64, r-release-windows-x86_64, r-oldrel-macos-arm64, r-oldrel-macos-x86_64, r-oldrel-windows-x86_64