Last updated on 2024-04-26 16:54:41 CEST.
Flavor | Version | Tinstall | Tcheck | Ttotal | Status | Flags |
---|---|---|---|---|---|---|
r-devel-linux-x86_64-debian-clang | 0.1.6 | 3.66 | 45.77 | 49.43 | NOTE | |
r-devel-linux-x86_64-debian-gcc | 0.1.6 | 2.48 | 34.29 | 36.77 | NOTE | |
r-devel-linux-x86_64-fedora-clang | 0.1.6 | 64.11 | NOTE | |||
r-devel-linux-x86_64-fedora-gcc | 0.1.6 | 81.22 | NOTE | |||
r-devel-windows-x86_64 | 0.1.6 | 4.00 | 66.00 | 70.00 | NOTE | |
r-patched-linux-x86_64 | 0.1.6 | 3.55 | 43.00 | 46.55 | NOTE | |
r-release-linux-x86_64 | 0.1.6 | 2.74 | 41.26 | 44.00 | OK | |
r-release-macos-arm64 | 0.1.6 | 28.00 | NOTE | |||
r-release-windows-x86_64 | 0.1.6 | 4.00 | 65.00 | 69.00 | NOTE | |
r-oldrel-macos-arm64 | 0.1.6 | 29.00 | OK | |||
r-oldrel-macos-x86_64 | 0.1.6 | 44.00 | OK | |||
r-oldrel-windows-x86_64 | 0.1.6 | 6.00 | 67.00 | 73.00 | OK |
Version: 0.1.6
Check: Rd files
Result: NOTE
checkRd: (-1) concstats_hhi.Rd:13: Lost braces; missing escapes or markup?
13 | value is required. Ranges from {0, 1} and often used for comparison over
| ^
Flavors: r-devel-linux-x86_64-debian-clang, r-devel-linux-x86_64-debian-gcc, r-devel-linux-x86_64-fedora-clang, r-devel-linux-x86_64-fedora-gcc, r-devel-windows-x86_64, r-patched-linux-x86_64, r-release-macos-arm64, r-release-windows-x86_64