CRAN Package Check Results for Package condformat

Last updated on 2021-09-21 04:54:59 CEST.

Flavor Version Tinstall Tcheck Ttotal Status Flags
r-devel-linux-x86_64-debian-clang 0.9.0 4.88 58.03 62.91 NOTE
r-devel-linux-x86_64-debian-gcc 0.9.0 4.08 44.01 48.09 NOTE
r-devel-linux-x86_64-fedora-clang 0.9.0 82.55 NOTE
r-devel-linux-x86_64-fedora-gcc 0.9.0 72.37 NOTE
r-devel-windows-x86_64 0.9.0 7.00 62.00 69.00 NOTE
r-devel-windows-x86_64-gcc10-UCRT 0.9.0 ERROR
r-patched-linux-x86_64 0.9.0 4.93 54.40 59.33 NOTE
r-patched-solaris-x86 0.9.0 104.30 NOTE
r-release-linux-x86_64 0.9.0 5.12 54.82 59.94 NOTE
r-release-macos-arm64 0.9.0 NOTE
r-release-macos-x86_64 0.9.0 NOTE
r-release-windows-ix86+x86_64 0.9.0 11.00 61.00 72.00 NOTE
r-oldrel-macos-x86_64 0.9.0 OK
r-oldrel-windows-ix86+x86_64 0.9.0 11.00 84.00 95.00 OK

Check Details

Version: 0.9.0
Check: LazyData
Result: NOTE
     'LazyData' is specified without a 'data' directory
Flavors: r-devel-linux-x86_64-debian-clang, r-devel-linux-x86_64-debian-gcc, r-devel-linux-x86_64-fedora-clang, r-devel-linux-x86_64-fedora-gcc, r-devel-windows-x86_64, r-devel-windows-x86_64-gcc10-UCRT, r-patched-linux-x86_64, r-patched-solaris-x86, r-release-linux-x86_64, r-release-macos-arm64, r-release-macos-x86_64, r-release-windows-ix86+x86_64

Version: 0.9.0
Check: whether package can be installed
Result: WARN
    Found the following significant warnings:
     WARNING: installation-time patches will not be applied, could not get the patches index
Flavor: r-devel-windows-x86_64-gcc10-UCRT

Version: 0.9.0
Check: PDF version of manual
Result: WARN
    LaTeX errors when creating PDF version.
    This typically indicates Rd problems.
Flavor: r-devel-windows-x86_64-gcc10-UCRT

Version: 0.9.0
Check: PDF version of manual without hyperrefs or index
Result: ERROR
    Re-running with no redirection of stdout/stderr.
Flavor: r-devel-windows-x86_64-gcc10-UCRT