CRAN Package Check Results for Package conf

Last updated on 2021-11-27 04:55:40 CET.

Flavor Version Tinstall Tcheck Ttotal Status Flags
r-devel-linux-x86_64-debian-clang 1.7.0 NOTE
r-devel-linux-x86_64-debian-gcc 1.7.0 11.27 103.10 114.37 NOTE
r-devel-linux-x86_64-fedora-clang 1.7.0 192.18 NOTE
r-devel-linux-x86_64-fedora-gcc 1.7.0 183.78 NOTE
r-devel-windows-x86_64-new-UL 1.7.0 28.00 206.00 234.00 NOTE
r-devel-windows-x86_64-new-TK 1.7.0 NOTE
r-devel-windows-x86_64-old 1.7.0 16.00 160.00 176.00 NOTE
r-patched-linux-x86_64 1.7.0 15.00 137.24 152.24 NOTE
r-patched-solaris-x86 1.7.0 190.30 NOTE
r-release-linux-x86_64 1.7.0 NOTE
r-release-macos-arm64 1.7.0 NOTE
r-release-macos-x86_64 1.7.0 NOTE
r-release-windows-ix86+x86_64 1.7.0 28.00 153.00 181.00 NOTE
r-oldrel-macos-x86_64 1.7.0 OK
r-oldrel-windows-ix86+x86_64 1.7.0 21.00 175.00 196.00 OK

Check Details

Version: 1.7.0
Check: LazyData
Result: NOTE
     'LazyData' is specified without a 'data' directory
Flavors: r-devel-linux-x86_64-debian-clang, r-devel-linux-x86_64-debian-gcc, r-devel-linux-x86_64-fedora-clang, r-devel-linux-x86_64-fedora-gcc, r-devel-windows-x86_64-new-UL, r-devel-windows-x86_64-new-TK, r-devel-windows-x86_64-old, r-patched-linux-x86_64, r-patched-solaris-x86, r-release-linux-x86_64, r-release-macos-arm64, r-release-macos-x86_64, r-release-windows-ix86+x86_64