Last updated on 2024-04-20 00:56:02 CEST.
Flavor | Version | Tinstall | Tcheck | Ttotal | Status | Flags |
---|---|---|---|---|---|---|
r-devel-linux-x86_64-debian-clang | 1.1-2 | 8.58 | 76.35 | 84.93 | NOTE | |
r-devel-linux-x86_64-debian-gcc | 1.1-2 | NOTE | ||||
r-devel-linux-x86_64-fedora-clang | 1.1-2 | 111.48 | NOTE | |||
r-devel-linux-x86_64-fedora-gcc | 1.1-2 | 131.39 | NOTE | |||
r-prerel-macos-arm64 | 1.1-2 | 52.00 | NOTE | |||
r-prerel-windows-x86_64 | 1.1-2 | 9.00 | 90.00 | 99.00 | NOTE | |
r-patched-linux-x86_64 | 1.1-2 | 7.67 | 72.81 | 80.48 | NOTE | |
r-release-linux-x86_64 | 1.1-2 | 5.37 | 69.97 | 75.34 | OK | |
r-release-macos-arm64 | 1.1-2 | 42.00 | OK | |||
r-release-macos-x86_64 | 1.1-2 | 72.00 | OK | |||
r-release-windows-x86_64 | 1.1-2 | 8.00 | 91.00 | 99.00 | OK | |
r-oldrel-macos-arm64 | 1.1-2 | 51.00 | OK | |||
r-oldrel-windows-x86_64 | 1.1-2 | 10.00 | 91.00 | 101.00 | OK |
Version: 1.1-2
Check: Rd files
Result: NOTE
checkRd: (-1) mya.Rd:18: Lost braces in \itemize; \value handles \item{}{} directly
checkRd: (-1) mya.Rd:19: Lost braces in \itemize; \value handles \item{}{} directly
checkRd: (-1) mya.Rd:20: Lost braces in \itemize; \value handles \item{}{} directly
checkRd: (-1) mya.Rd:21: Lost braces in \itemize; \value handles \item{}{} directly
checkRd: (-1) mya.Rd:22: Lost braces in \itemize; \value handles \item{}{} directly
Flavors: r-devel-linux-x86_64-debian-clang, r-devel-linux-x86_64-debian-gcc, r-devel-linux-x86_64-fedora-clang, r-devel-linux-x86_64-fedora-gcc, r-prerel-macos-arm64, r-prerel-windows-x86_64, r-patched-linux-x86_64