CRAN Package Check Results for Package configr

Last updated on 2021-10-22 00:50:21 CEST.

Flavor Version Tinstall Tcheck Ttotal Status Flags
r-devel-linux-x86_64-debian-clang 0.3.5 3.37 44.26 47.63 NOTE
r-devel-linux-x86_64-debian-gcc 0.3.5 2.97 34.91 37.88 NOTE
r-devel-linux-x86_64-fedora-clang 0.3.5 69.45 NOTE
r-devel-linux-x86_64-fedora-gcc 0.3.5 59.22 NOTE
r-devel-windows-x86_64 0.3.5 7.00 78.00 85.00 NOTE
r-devel-windows-x86_64-gcc10-UCRT 0.3.5 NOTE
r-patched-linux-x86_64 0.3.5 4.04 44.26 48.30 NOTE
r-patched-solaris-x86 0.3.5 85.70 NOTE
r-release-linux-x86_64 0.3.5 3.75 43.65 47.40 NOTE
r-release-macos-arm64 0.3.5 NOTE
r-release-macos-x86_64 0.3.5 NOTE
r-release-windows-ix86+x86_64 0.3.5 8.00 75.00 83.00 NOTE
r-oldrel-macos-x86_64 0.3.5 OK
r-oldrel-windows-ix86+x86_64 0.3.5 10.00 77.00 87.00 OK

Check Details

Version: 0.3.5
Check: LazyData
Result: NOTE
     'LazyData' is specified without a 'data' directory
Flavors: r-devel-linux-x86_64-debian-clang, r-devel-linux-x86_64-debian-gcc, r-devel-linux-x86_64-fedora-clang, r-devel-linux-x86_64-fedora-gcc, r-devel-windows-x86_64, r-devel-windows-x86_64-gcc10-UCRT, r-patched-linux-x86_64, r-patched-solaris-x86, r-release-linux-x86_64, r-release-macos-arm64, r-release-macos-x86_64, r-release-windows-ix86+x86_64