Last updated on 2024-07-18 08:51:06 CEST.
Flavor | Version | Tinstall | Tcheck | Ttotal | Status | Flags |
---|---|---|---|---|---|---|
r-devel-linux-x86_64-debian-clang | 1.2.2 | 4.75 | 108.52 | 113.27 | OK | |
r-devel-linux-x86_64-debian-gcc | 1.2.2 | 3.46 | 77.99 | 81.45 | OK | |
r-devel-linux-x86_64-fedora-clang | 1.2.2 | 136.28 | NOTE | |||
r-devel-linux-x86_64-fedora-gcc | 1.2.2 | 144.87 | OK | |||
r-devel-windows-x86_64 | 1.2.2 | 5.00 | 85.00 | 90.00 | OK | |
r-patched-linux-x86_64 | 1.2.2 | 4.51 | 101.20 | 105.71 | OK | |
r-release-linux-x86_64 | 1.2.2 | 5.09 | 100.98 | 106.07 | OK | |
r-release-macos-arm64 | 1.2.2 | 43.00 | OK | |||
r-release-macos-x86_64 | 1.2.2 | 96.00 | OK | |||
r-release-windows-x86_64 | 1.2.2 | 5.00 | 87.00 | 92.00 | OK | |
r-oldrel-macos-arm64 | 1.2.2 | 168.00 | OK | |||
r-oldrel-macos-x86_64 | 1.2.2 | 531.00 | OK | |||
r-oldrel-windows-x86_64 | 1.2.2 | 5.00 | 103.00 | 108.00 | OK |
Version: 1.2.2
Check: Rd cross-references
Result: NOTE
Undeclared package ‘ggplot2’ in Rd xrefs
Flavor: r-devel-linux-x86_64-fedora-clang