Last updated on 2024-03-28 23:55:03 CET.
Flavor | Version | Tinstall | Tcheck | Ttotal | Status | Flags |
---|---|---|---|---|---|---|
r-devel-linux-x86_64-debian-clang | 0.2.0 | 2.78 | 30.41 | 33.19 | NOTE | |
r-devel-linux-x86_64-debian-gcc | 0.2.0 | 2.30 | 23.55 | 25.85 | NOTE | |
r-devel-linux-x86_64-fedora-clang | 0.2.0 | 40.76 | NOTE | |||
r-devel-linux-x86_64-fedora-gcc | 0.2.0 | 40.64 | NOTE | |||
r-devel-windows-x86_64 | 0.2.0 | 4.00 | 45.00 | 49.00 | NOTE | |
r-patched-linux-x86_64 | 0.2.0 | 2.10 | 29.61 | 31.71 | NOTE | |
r-release-linux-x86_64 | 0.2.0 | 2.95 | 29.24 | 32.19 | NOTE | |
r-release-macos-arm64 | 0.2.0 | 21.00 | NOTE | |||
r-release-macos-x86_64 | 0.2.0 | 23.00 | NOTE | |||
r-release-windows-x86_64 | 0.2.0 | 4.00 | 45.00 | 49.00 | NOTE | |
r-oldrel-macos-arm64 | 0.2.0 | 21.00 | NOTE | |||
r-oldrel-windows-x86_64 | 0.2.0 | 4.00 | 53.00 | 57.00 | NOTE |
Version: 0.2.0
Check: LazyData
Result: NOTE
'LazyData' is specified without a 'data' directory
Flavors: r-devel-linux-x86_64-debian-clang, r-devel-linux-x86_64-debian-gcc, r-devel-linux-x86_64-fedora-clang, r-devel-linux-x86_64-fedora-gcc, r-devel-windows-x86_64, r-patched-linux-x86_64, r-release-linux-x86_64, r-release-macos-arm64, r-release-macos-x86_64, r-release-windows-x86_64, r-oldrel-macos-arm64, r-oldrel-windows-x86_64