Last updated on 2024-04-23 16:58:11 CEST.
Flavor | Version | Tinstall | Tcheck | Ttotal | Status | Flags |
---|---|---|---|---|---|---|
r-devel-linux-x86_64-debian-clang | 0.2.2 | 6.73 | 53.42 | 60.15 | OK | |
r-devel-linux-x86_64-debian-gcc | 0.2.2 | 4.39 | 40.03 | 44.42 | OK | |
r-devel-linux-x86_64-fedora-clang | 0.2.2 | 96.85 | NOTE | |||
r-devel-linux-x86_64-fedora-gcc | 0.2.2 | 115.59 | NOTE | |||
r-prerel-macos-arm64 | 0.2.2 | 32.00 | OK | |||
r-prerel-windows-x86_64 | 0.2.2 | 7.00 | 174.00 | 181.00 | OK | |
r-patched-linux-x86_64 | 0.2.2 | 5.26 | 50.78 | 56.04 | OK | |
r-release-linux-x86_64 | 0.2.2 | 6.14 | 49.42 | 55.56 | OK | |
r-release-macos-arm64 | 0.2.2 | 32.00 | OK | |||
r-release-macos-x86_64 | 0.2.2 | 48.00 | OK | |||
r-release-windows-x86_64 | 0.2.2 | 10.00 | 137.00 | 147.00 | OK | |
r-oldrel-macos-arm64 | 0.2.2 | 30.00 | NOTE | |||
r-oldrel-windows-x86_64 | 0.2.2 | 8.00 | 140.00 | 148.00 | OK |
Version: 0.2.2
Check: data for non-ASCII characters
Result: NOTE
Note: found 3 marked UTF-8 strings
Flavors: r-devel-linux-x86_64-fedora-clang, r-devel-linux-x86_64-fedora-gcc, r-oldrel-macos-arm64