Last updated on 2023-09-23 00:53:49 CEST.
Flavor | Version | Tinstall | Tcheck | Ttotal | Status | Flags |
---|---|---|---|---|---|---|
r-devel-linux-x86_64-debian-clang | 0.5.4 | 6.36 | 142.64 | 149.00 | OK | |
r-devel-linux-x86_64-debian-gcc | 0.5.4 | 5.80 | 104.33 | 110.13 | OK | |
r-devel-linux-x86_64-fedora-clang | 0.5.4 | 185.05 | NOTE | |||
r-devel-linux-x86_64-fedora-gcc | 0.5.4 | 197.89 | NOTE | |||
r-devel-windows-x86_64 | 0.5.4 | 9.00 | 129.00 | 138.00 | OK | |
r-patched-linux-x86_64 | 0.5.4 | 9.26 | 137.43 | 146.69 | OK | |
r-release-linux-x86_64 | 0.5.4 | 5.83 | 136.99 | 142.82 | OK | |
r-release-macos-arm64 | 0.5.4 | 63.00 | OK | |||
r-release-macos-x86_64 | 0.5.4 | 104.00 | OK | |||
r-release-windows-x86_64 | 0.5.4 | 257.00 | 158.00 | 415.00 | OK | |
r-oldrel-macos-arm64 | 0.5.4 | 53.00 | OK | |||
r-oldrel-macos-x86_64 | 0.5.4 | 101.00 | OK | |||
r-oldrel-windows-x86_64 | 0.5.4 | 11.00 | 146.00 | 157.00 | OK |
Version: 0.5.4
Check: data for non-ASCII characters
Result: NOTE
Note: found 1 marked UTF-8 string
Flavors: r-devel-linux-x86_64-fedora-clang, r-devel-linux-x86_64-fedora-gcc