Last updated on 2024-04-18 01:02:46 CEST.
Flavor | Version | Tinstall | Tcheck | Ttotal | Status | Flags |
---|---|---|---|---|---|---|
r-devel-linux-x86_64-debian-clang | 0.7.3.2 | 10.19 | 173.12 | 183.31 | OK | |
r-devel-linux-x86_64-debian-gcc | 0.7.3.2 | 8.25 | 127.70 | 135.95 | OK | |
r-devel-linux-x86_64-fedora-clang | 0.7.3.2 | 230.23 | NOTE | |||
r-devel-linux-x86_64-fedora-gcc | 0.7.3.2 | 248.12 | NOTE | |||
r-prerel-macos-arm64 | 0.7.3.2 | 63.00 | OK | |||
r-prerel-windows-x86_64 | 0.7.3.2 | 11.00 | 132.00 | 143.00 | OK | |
r-patched-linux-x86_64 | 0.7.3.2 | 8.58 | 168.35 | 176.93 | OK | |
r-release-linux-x86_64 | 0.7.3.2 | 7.55 | 164.65 | 172.20 | OK | |
r-release-macos-arm64 | 0.7.3.2 | 59.00 | OK | |||
r-release-macos-x86_64 | 0.7.3.2 | 118.00 | OK | |||
r-release-windows-x86_64 | 0.7.3.2 | 14.00 | 163.00 | 177.00 | OK | |
r-oldrel-macos-arm64 | 0.7.3.2 | 62.00 | OK | |||
r-oldrel-windows-x86_64 | 0.7.3.2 | 14.00 | 158.00 | 172.00 | OK |
Version: 0.7.3.2
Check: data for non-ASCII characters
Result: NOTE
Note: found 1 marked UTF-8 string
Flavors: r-devel-linux-x86_64-fedora-clang, r-devel-linux-x86_64-fedora-gcc