Last updated on 2023-12-03 00:56:38 CET.
Flavor | Version | Tinstall | Tcheck | Ttotal | Status | Flags |
---|---|---|---|---|---|---|
r-devel-linux-x86_64-debian-clang | 0.2.3 | 5.30 | 74.22 | 79.52 | NOTE | |
r-devel-linux-x86_64-debian-gcc | 0.2.3 | 4.98 | 53.99 | 58.97 | NOTE | |
r-devel-linux-x86_64-fedora-clang | 0.2.3 | 95.89 | OK | |||
r-devel-linux-x86_64-fedora-gcc | 0.2.3 | 92.76 | OK | |||
r-devel-windows-x86_64 | 0.2.3 | 5.00 | 71.00 | 76.00 | OK | |
r-patched-linux-x86_64 | 0.2.3 | 4.30 | 68.84 | 73.14 | OK | |
r-release-linux-x86_64 | 0.2.3 | 4.87 | 69.06 | 73.93 | OK | |
r-release-macos-arm64 | 0.2.3 | 36.00 | OK | |||
r-release-macos-x86_64 | 0.2.3 | 61.00 | OK | |||
r-release-windows-x86_64 | 0.2.3 | 8.00 | 82.00 | 90.00 | OK | |
r-oldrel-macos-arm64 | 0.2.3 | 36.00 | OK | |||
r-oldrel-macos-x86_64 | 0.2.3 | 74.00 | OK | |||
r-oldrel-windows-x86_64 | 0.2.3 | 8.00 | 81.00 | 89.00 | OK |
Version: 0.2.3
Check: Rd files
Result: NOTE
checkRd: (-1) ComputeCope.Rd:50: Lost braces in \itemize; \value handles \item{}{} directly
checkRd: (-1) ComputeCope.Rd:52: Lost braces in \itemize; \value handles \item{}{} directly
checkRd: (-1) ComputeCope.Rd:53: Lost braces in \itemize; \value handles \item{}{} directly
checkRd: (-1) ComputeCope.Rd:54-56: Lost braces in \itemize; \value handles \item{}{} directly
checkRd: (-1) ComputeCope.Rd:57-61: Lost braces in \itemize; \value handles \item{}{} directly
checkRd: (-1) DrawContour.Rd:5: Lost braces; missing escapes or markup?
5 | \title{Draws the contour {f=c}.}
| ^
checkRd: (-1) DrawContour.Rd:20: Lost braces; missing escapes or markup?
20 | Draws the contour {f=c}.
| ^
checkRd: (-1) cope.Rd:24: Lost braces in \itemize; meant \describe ?
checkRd: (-1) cope.Rd:25: Lost braces in \itemize; meant \describe ?
checkRd: (-1) cope.Rd:33: Lost braces in \itemize; meant \describe ?
checkRd: (-1) cope.Rd:35: Lost braces in \itemize; meant \describe ?
Flavors: r-devel-linux-x86_64-debian-clang, r-devel-linux-x86_64-debian-gcc