Last updated on 2024-04-19 01:04:27 CEST.
Flavor | Version | Tinstall | Tcheck | Ttotal | Status | Flags |
---|---|---|---|---|---|---|
r-devel-linux-x86_64-debian-clang | 0.2.0 | 100.50 | 45.48 | 145.98 | WARN | |
r-devel-linux-x86_64-debian-gcc | 0.2.0 | 75.29 | 34.59 | 109.88 | OK | |
r-devel-linux-x86_64-fedora-clang | 0.2.0 | 219.75 | OK | |||
r-devel-linux-x86_64-fedora-gcc | 0.2.0 | 214.35 | OK | |||
r-prerel-macos-arm64 | 0.2.0 | 45.00 | NOTE | |||
r-prerel-windows-x86_64 | 0.2.0 | 79.00 | 79.00 | 158.00 | OK | |
r-patched-linux-x86_64 | 0.2.0 | 101.50 | 43.95 | 145.45 | OK | |
r-release-linux-x86_64 | 0.2.0 | 94.47 | 44.91 | 139.38 | OK | |
r-release-macos-arm64 | 0.2.0 | 52.00 | NOTE | |||
r-release-macos-x86_64 | 0.2.0 | 85.00 | NOTE | |||
r-release-windows-x86_64 | 0.2.0 | 98.00 | 90.00 | 188.00 | OK | |
r-oldrel-macos-arm64 | 0.2.0 | 42.00 | NOTE | |||
r-oldrel-windows-x86_64 | 0.2.0 | 100.00 | 92.00 | 192.00 | OK |
Version: 0.2.0
Check: whether package can be installed
Result: WARN
Found the following significant warnings:
seqre.cpp:120:36: warning: using integer absolute value function 'abs' when argument is of floating point type [-Wabsolute-value]
seqre.cpp:173:20: warning: using integer absolute value function 'abs' when argument is of floating point type [-Wabsolute-value]
seqre.cpp:181:15: warning: using integer absolute value function 'abs' when argument is of floating point type [-Wabsolute-value]
See ‘/home/hornik/tmp/R.check/r-devel-clang/Work/PKGS/copre.Rcheck/00install.out’ for details.
* used C++ compiler: ‘Debian clang version 18.1.0 (rc4-1)’
Flavor: r-devel-linux-x86_64-debian-clang
Version: 0.2.0
Check: installed package size
Result: NOTE
installed size is 5.7Mb
sub-directories of 1Mb or more:
help 2.6Mb
libs 3.1Mb
Flavors: r-prerel-macos-arm64, r-release-macos-arm64, r-release-macos-x86_64, r-oldrel-macos-arm64