CRAN Package Check Results for Package copre

Last updated on 2023-12-02 16:49:10 CET.

Flavor Version Tinstall Tcheck Ttotal Status Flags
r-devel-linux-x86_64-debian-clang 0.2.0 104.31 44.53 148.84 OK
r-devel-linux-x86_64-debian-gcc 0.2.0 66.49 34.35 100.84 OK
r-devel-linux-x86_64-fedora-clang 0.2.0 215.06 OK
r-devel-linux-x86_64-fedora-gcc 0.2.0 202.65 OK
r-devel-windows-x86_64 0.2.0 75.00 82.00 157.00 OK
r-patched-linux-x86_64 0.2.0 67.01 43.19 110.20 OK
r-release-linux-x86_64 0.2.0 65.63 43.82 109.45 OK
r-release-macos-arm64 0.2.0 52.00 NOTE
r-release-macos-x86_64 0.2.0 85.00 NOTE
r-release-windows-x86_64 0.2.0 102.00 89.00 191.00 OK
r-oldrel-macos-arm64 0.2.0 42.00 NOTE
r-oldrel-macos-x86_64 0.2.0 64.00 NOTE
r-oldrel-windows-x86_64 0.2.0 100.00 93.00 193.00 OK

Check Details

Version: 0.2.0
Check: installed package size
Result: NOTE installed size is 5.9Mb sub-directories of 1Mb or more: help 2.6Mb libs 3.2Mb Flavors: r-release-macos-arm64, r-release-macos-x86_64, r-oldrel-macos-arm64, r-oldrel-macos-x86_64