Last updated on 2024-04-24 00:55:38 CEST.
Flavor | Version | Tinstall | Tcheck | Ttotal | Status | Flags |
---|---|---|---|---|---|---|
r-devel-linux-x86_64-debian-clang | 1.0.7 | 14.50 | 113.81 | 128.31 | OK | |
r-devel-linux-x86_64-debian-gcc | 1.0.7 | 10.37 | 82.67 | 93.04 | OK | |
r-devel-linux-x86_64-fedora-clang | 1.0.7 | 157.02 | NOTE | |||
r-devel-linux-x86_64-fedora-gcc | 1.0.7 | 149.47 | NOTE | |||
r-prerel-macos-arm64 | 1.0.7 | 45.00 | OK | |||
r-prerel-macos-x86_64 | 1.0.7 | 79.00 | OK | |||
r-prerel-windows-x86_64 | 1.0.7 | 11.00 | 94.00 | 105.00 | OK | |
r-patched-linux-x86_64 | 1.0.7 | 12.53 | 108.67 | 121.20 | OK | |
r-release-linux-x86_64 | 1.0.7 | 10.93 | 110.67 | 121.60 | OK | |
r-release-macos-arm64 | 1.0.7 | 52.00 | OK | |||
r-release-macos-x86_64 | 1.0.7 | 65.00 | OK | |||
r-release-windows-x86_64 | 1.0.7 | 15.00 | 115.00 | 130.00 | OK | |
r-oldrel-macos-arm64 | 1.0.7 | 45.00 | NOTE | |||
r-oldrel-windows-x86_64 | 1.0.7 | 15.00 | 118.00 | 133.00 | OK |
Version: 1.0.7
Check: dependencies in R code
Result: NOTE
Namespace in Imports field not imported from: ‘graphics’
All declared Imports should be used.
Flavors: r-devel-linux-x86_64-fedora-clang, r-devel-linux-x86_64-fedora-gcc, r-oldrel-macos-arm64