Last updated on 2023-06-08 08:55:18 CEST.
Flavor | Version | Tinstall | Tcheck | Ttotal | Status | Flags |
---|---|---|---|---|---|---|
r-devel-linux-x86_64-debian-clang | 0.4.1 | 16.69 | 52.67 | 69.36 | OK | |
r-devel-linux-x86_64-debian-gcc | 0.4.1 | 16.57 | 41.31 | 57.88 | OK | |
r-devel-linux-x86_64-fedora-clang | 0.4.1 | 92.99 | NOTE | |||
r-devel-linux-x86_64-fedora-gcc | 0.4.1 | 100.26 | NOTE | |||
r-devel-windows-x86_64 | 0.4.1 | 18.00 | 64.00 | 82.00 | OK | |
r-patched-linux-x86_64 | 0.4.1 | 11.65 | 50.40 | 62.05 | OK | |
r-release-linux-x86_64 | 0.4.1 | 14.15 | 50.00 | 64.15 | OK | |
r-release-macos-arm64 | 0.4.1 | 44.00 | OK | |||
r-release-macos-x86_64 | 0.4.1 | 66.00 | OK | |||
r-release-windows-x86_64 | 0.4.1 | 19.00 | 68.00 | 87.00 | OK | |
r-oldrel-macos-arm64 | 0.4.1 | 32.00 | OK | |||
r-oldrel-macos-x86_64 | 0.4.1 | 50.00 | OK | |||
r-oldrel-windows-x86_64 | 0.4.1 | 21.00 | 73.00 | 94.00 | OK |
Version: 0.4.1
Check: dependencies in R code
Result: NOTE
Namespace in Imports field not imported from: ‘devtools’
All declared Imports should be used.
Flavors: r-devel-linux-x86_64-fedora-clang, r-devel-linux-x86_64-fedora-gcc