CRAN Package Check Results for Package corporaexplorer

Last updated on 2021-09-23 08:50:53 CEST.

Flavor Version Tinstall Tcheck Ttotal Status Flags
r-devel-linux-x86_64-debian-clang 0.8.4 3.76 43.56 47.32 OK
r-devel-linux-x86_64-debian-gcc 0.8.4 2.94 32.32 35.26 OK
r-devel-linux-x86_64-fedora-clang 0.8.4 64.21 NOTE
r-devel-linux-x86_64-fedora-gcc 0.8.4 52.00 NOTE
r-devel-windows-x86_64 0.8.4 6.00 50.00 56.00 OK
r-devel-windows-x86_64-gcc10-UCRT 0.8.4 ERROR
r-patched-linux-x86_64 0.8.4 2.36 39.02 41.38 OK
r-patched-solaris-x86 0.8.4 78.30 NOTE
r-release-linux-x86_64 0.8.4 2.28 39.57 41.85 OK
r-release-macos-arm64 0.8.4 NOTE
r-release-macos-x86_64 0.8.4 NOTE
r-release-windows-ix86+x86_64 0.8.4 9.00 49.00 58.00 OK
r-oldrel-macos-x86_64 0.8.4 NOTE
r-oldrel-windows-ix86+x86_64 0.8.4 6.00 40.00 46.00 OK

Check Details

Version: 0.8.4
Check: dependencies in R code
Result: NOTE
    Namespaces in Imports field not imported from:
     ‘RColorBrewer’ ‘ggplot2’ ‘rmarkdown’ ‘shinyWidgets’ ‘shinydashboard’
     ‘shinyjs’
     All declared Imports should be used.
Flavors: r-devel-linux-x86_64-fedora-clang, r-devel-linux-x86_64-fedora-gcc, r-devel-windows-x86_64-gcc10-UCRT, r-patched-solaris-x86, r-release-macos-arm64, r-release-macos-x86_64, r-oldrel-macos-x86_64

Version: 0.8.4
Check: package dependencies
Result: NOTE
    Package suggested but not available for checking: 'shinytest'
Flavor: r-devel-windows-x86_64-gcc10-UCRT

Version: 0.8.4
Check: tests
Result: ERROR
     Running 'testthat.R'
    Running the tests in 'tests/testthat.R' failed.
    Complete output:
     > library(testthat)
     > library(corporaexplorer)
     >
     > test_check("corporaexplorer")
     ══ Failed tests ════════════════════════════════════════════════════════════════
     ── Error (test_explorer_app.R:4:1): (code run outside of `test_that()`) ────────
     Error: there is no package called 'shinytest'
     Backtrace:
     █
     1. └─base::library(shinytest) test_explorer_app.R:4:0
     ── Error (test_extractor_app.R:4:1): (code run outside of `test_that()`) ───────
     Error: there is no package called 'shinytest'
     Backtrace:
     █
     1. └─base::library(shinytest) test_extractor_app.R:4:0
    
     [ FAIL 2 | WARN 1 | SKIP 0 | PASS 1 ]
     Error: Test failures
     Execution halted
Flavor: r-devel-windows-x86_64-gcc10-UCRT

Version: 0.8.4
Check: PDF version of manual
Result: WARN
    LaTeX errors when creating PDF version.
    This typically indicates Rd problems.
Flavor: r-devel-windows-x86_64-gcc10-UCRT

Version: 0.8.4
Check: PDF version of manual without hyperrefs or index
Result: ERROR
    Re-running with no redirection of stdout/stderr.
Flavor: r-devel-windows-x86_64-gcc10-UCRT