Last updated on 2024-04-24 00:55:38 CEST.
Flavor | Version | Tinstall | Tcheck | Ttotal | Status | Flags |
---|---|---|---|---|---|---|
r-devel-linux-x86_64-debian-clang | 0.8.6 | 4.82 | 46.17 | 50.99 | OK | |
r-devel-linux-x86_64-debian-gcc | 0.8.6 | 3.10 | 35.40 | 38.50 | OK | |
r-devel-linux-x86_64-fedora-clang | 0.8.6 | 69.03 | NOTE | |||
r-devel-linux-x86_64-fedora-gcc | 0.8.6 | 62.88 | NOTE | |||
r-prerel-macos-arm64 | 0.8.6 | 25.00 | OK | |||
r-prerel-windows-x86_64 | 0.8.6 | 7.00 | 58.00 | 65.00 | OK | |
r-patched-linux-x86_64 | 0.8.6 | 4.96 | 45.20 | 50.16 | OK | |
r-release-linux-x86_64 | 0.8.6 | 3.34 | 44.74 | 48.08 | OK | |
r-release-macos-arm64 | 0.8.6 | 23.00 | OK | |||
r-release-macos-x86_64 | 0.8.6 | 34.00 | OK | |||
r-release-windows-x86_64 | 0.8.6 | 7.00 | 62.00 | 69.00 | OK | |
r-oldrel-macos-arm64 | 0.8.6 | 20.00 | NOTE | |||
r-oldrel-windows-x86_64 | 0.8.6 | 7.00 | 63.00 | 70.00 | OK |
Version: 0.8.6
Check: dependencies in R code
Result: NOTE
Namespaces in Imports field not imported from:
‘RColorBrewer’ ‘ggplot2’ ‘re2’ ‘rmarkdown’ ‘shinyWidgets’
‘shinydashboard’ ‘shinyjs’
All declared Imports should be used.
Flavors: r-devel-linux-x86_64-fedora-clang, r-devel-linux-x86_64-fedora-gcc, r-oldrel-macos-arm64