CRAN Package Check Results for Package corpus

Last updated on 2022-08-15 16:54:25 CEST.

Flavor Version Tinstall Tcheck Ttotal Status Flags
r-devel-linux-x86_64-debian-clang 0.10.2 26.65 62.94 89.59 OK
r-devel-linux-x86_64-debian-gcc 0.10.2 23.51 47.91 71.42 OK
r-devel-linux-x86_64-fedora-clang 0.10.2 118.14 NOTE
r-devel-linux-x86_64-fedora-gcc 0.10.2 127.47 NOTE
r-devel-windows-x86_64 0.10.2 218.00 112.00 330.00 WARN
r-patched-linux-x86_64 0.10.2 25.56 60.89 86.45 OK
r-release-linux-x86_64 0.10.2 24.72 59.64 84.36 OK
r-release-macos-arm64 0.10.2 42.00 NOTE
r-release-macos-x86_64 0.10.2 56.00 NOTE
r-release-windows-x86_64 0.10.2 264.00 107.00 371.00 WARN
r-oldrel-macos-arm64 0.10.2 46.00 NOTE
r-oldrel-macos-x86_64 0.10.2 74.00 NOTE
r-oldrel-windows-ix86+x86_64 0.10.2 94.00 116.00 210.00 OK

Check Details

Version: 0.10.2
Check: data for non-ASCII characters
Result: NOTE
     Note: found 578 marked UTF-8 strings
Flavors: r-devel-linux-x86_64-fedora-clang, r-devel-linux-x86_64-fedora-gcc, r-release-macos-arm64, r-release-macos-x86_64, r-oldrel-macos-arm64, r-oldrel-macos-x86_64

Version: 0.10.2
Check: whether package can be installed
Result: WARN
    Found the following significant warnings:
     stemmer.c:171:26: warning: pointer targets in passing argument 1 of 'strlen' differ in signedness [-Wpointer-sign]
Flavors: r-devel-windows-x86_64, r-release-windows-x86_64