Last updated on 2022-08-10 20:54:42 CEST.
Flavor | Version | Tinstall | Tcheck | Ttotal | Status | Flags |
---|---|---|---|---|---|---|
r-devel-linux-x86_64-debian-clang | 0.2.0 | 15.69 | 185.06 | 200.75 | OK | |
r-devel-linux-x86_64-debian-gcc | 0.2.0 | 13.76 | 138.87 | 152.63 | OK | |
r-devel-linux-x86_64-fedora-clang | 0.2.0 | 247.60 | NOTE | |||
r-devel-linux-x86_64-fedora-gcc | 0.2.0 | 247.66 | NOTE | |||
r-devel-windows-x86_64 | 0.2.0 | 71.00 | 206.00 | 277.00 | OK | |
r-patched-linux-x86_64 | 0.2.0 | 16.50 | 175.21 | 191.71 | OK | |
r-release-linux-x86_64 | 0.2.0 | OK | ||||
r-release-macos-arm64 | 0.2.0 | 74.00 | NOTE | |||
r-release-macos-x86_64 | 0.2.0 | 127.00 | NOTE | |||
r-release-windows-x86_64 | 0.2.0 | 60.00 | 229.00 | 289.00 | OK | |
r-oldrel-macos-arm64 | 0.2.0 | 105.00 | NOTE | |||
r-oldrel-macos-x86_64 | 0.2.0 | 121.00 | NOTE | |||
r-oldrel-windows-ix86+x86_64 | 0.2.0 | 38.00 | 219.00 | 257.00 | OK |
Version: 0.2.0
Check: dependencies in R code
Result: NOTE
Namespace in Imports field not imported from: ‘utils’
All declared Imports should be used.
Flavors: r-devel-linux-x86_64-fedora-clang, r-devel-linux-x86_64-fedora-gcc, r-release-macos-arm64, r-release-macos-x86_64, r-oldrel-macos-arm64, r-oldrel-macos-x86_64