CRAN Package Check Results for Package countrycode

Last updated on 2021-10-19 16:50:26 CEST.

Flavor Version Tinstall Tcheck Ttotal Status Flags
r-devel-linux-x86_64-debian-clang 1.3.0 4.49 124.24 128.73 OK
r-devel-linux-x86_64-debian-gcc 1.3.0 3.35 87.86 91.21 OK
r-devel-linux-x86_64-fedora-clang 1.3.0 158.18 NOTE
r-devel-linux-x86_64-fedora-gcc 1.3.0 158.46 NOTE
r-devel-windows-x86_64 1.3.0 7.00 217.00 224.00 OK
r-devel-windows-x86_64-gcc10-UCRT 1.3.0 NOTE
r-patched-linux-x86_64 1.3.0 4.40 119.48 123.88 OK
r-patched-solaris-x86 1.3.0 121.60 NOTE
r-release-linux-x86_64 1.3.0 4.20 120.22 124.42 OK
r-release-macos-arm64 1.3.0 NOTE
r-release-macos-x86_64 1.3.0 NOTE
r-release-windows-ix86+x86_64 1.3.0 7.00 218.00 225.00 OK
r-oldrel-macos-x86_64 1.3.0 NOTE
r-oldrel-windows-ix86+x86_64 1.3.0 20.00 214.00 234.00 OK

Check Details

Version: 1.3.0
Check: data for non-ASCII characters
Result: NOTE
     Note: found 128401 marked UTF-8 strings
Flavors: r-devel-linux-x86_64-fedora-clang, r-devel-linux-x86_64-fedora-gcc, r-devel-windows-x86_64-gcc10-UCRT, r-patched-solaris-x86, r-release-macos-arm64, r-release-macos-x86_64, r-oldrel-macos-x86_64