CRAN Package Check Results for Package covTestR

Last updated on 2021-10-17 00:48:33 CEST.

Flavor Version Tinstall Tcheck Ttotal Status Flags
r-devel-linux-x86_64-debian-clang 0.1.4 161.35 31.91 193.26 NOTE
r-devel-linux-x86_64-debian-gcc 0.1.4 122.33 25.14 147.47 NOTE
r-devel-linux-x86_64-fedora-clang 0.1.4 343.19 NOTE
r-devel-linux-x86_64-fedora-gcc 0.1.4 283.46 NOTE
r-devel-windows-x86_64 0.1.4 204.00 48.00 252.00 NOTE
r-devel-windows-x86_64-gcc10-UCRT 0.1.4 NOTE
r-patched-linux-x86_64 0.1.4 148.47 31.61 180.08 NOTE
r-patched-solaris-x86 0.1.4 244.20 NOTE
r-release-linux-x86_64 0.1.4 146.50 31.41 177.91 NOTE
r-release-macos-arm64 0.1.4 NOTE
r-release-macos-x86_64 0.1.4 NOTE
r-release-windows-ix86+x86_64 0.1.4 376.00 78.00 454.00 NOTE
r-oldrel-macos-x86_64 0.1.4 OK
r-oldrel-windows-ix86+x86_64 0.1.4 489.00 79.00 568.00 OK

Check Details

Version: 0.1.4
Check: LazyData
Result: NOTE
     'LazyData' is specified without a 'data' directory
Flavors: r-devel-linux-x86_64-debian-clang, r-devel-linux-x86_64-debian-gcc, r-devel-linux-x86_64-fedora-clang, r-devel-linux-x86_64-fedora-gcc, r-devel-windows-x86_64, r-devel-windows-x86_64-gcc10-UCRT, r-patched-linux-x86_64, r-patched-solaris-x86, r-release-linux-x86_64, r-release-macos-arm64, r-release-macos-x86_64, r-release-windows-ix86+x86_64

Version: 0.1.4
Check: installed package size
Result: NOTE
     installed size is 5.2Mb
     sub-directories of 1Mb or more:
     libs 5.1Mb
Flavor: r-release-macos-arm64