Last updated on 2024-04-23 16:58:12 CEST.
Flavor | Version | Tinstall | Tcheck | Ttotal | Status | Flags |
---|---|---|---|---|---|---|
r-devel-linux-x86_64-debian-clang | 1.2.3 | 17.42 | 113.81 | 131.23 | OK | |
r-devel-linux-x86_64-debian-gcc | 1.2.3 | 17.32 | 80.69 | 98.01 | OK | |
r-devel-linux-x86_64-fedora-clang | 1.2.3 | 163.39 | NOTE | |||
r-devel-linux-x86_64-fedora-gcc | 1.2.3 | 155.66 | NOTE | |||
r-prerel-macos-arm64 | 1.2.3 | 45.00 | OK | |||
r-prerel-windows-x86_64 | 1.2.3 | 18.00 | 95.00 | 113.00 | OK | |
r-patched-linux-x86_64 | 1.2.3 | 16.48 | 106.72 | 123.20 | OK | |
r-release-linux-x86_64 | 1.2.3 | 16.14 | 106.51 | 122.65 | OK | |
r-release-macos-arm64 | 1.2.3 | 42.00 | OK | |||
r-release-macos-x86_64 | 1.2.3 | 121.00 | OK | |||
r-release-windows-x86_64 | 1.2.3 | 22.00 | 113.00 | 135.00 | OK | |
r-oldrel-macos-arm64 | 1.2.3 | 45.00 | OK | |||
r-oldrel-windows-x86_64 | 1.2.3 | 23.00 | 114.00 | 137.00 | OK |
Version: 1.2.3
Check: dependencies in R code
Result: NOTE
Namespace in Imports field not imported from: ‘gstat’
All declared Imports should be used.
Flavors: r-devel-linux-x86_64-fedora-clang, r-devel-linux-x86_64-fedora-gcc