Last updated on 2023-10-04 00:58:19 CEST.
Flavor | Version | Tinstall | Tcheck | Ttotal | Status | Flags |
---|---|---|---|---|---|---|
r-devel-linux-x86_64-debian-clang | 2.1.3.1 | 15.66 | 418.07 | 433.73 | OK | |
r-devel-linux-x86_64-debian-gcc | 2.1.3.1 | 12.30 | 270.16 | 282.46 | OK | |
r-devel-linux-x86_64-fedora-clang | 2.1.3.1 | 496.11 | NOTE | |||
r-devel-linux-x86_64-fedora-gcc | 2.1.3.1 | 506.81 | OK | |||
r-devel-windows-x86_64 | 2.1.3.1 | 15.00 | 276.00 | 291.00 | NOTE | |
r-patched-linux-x86_64 | 2.1.3.1 | 12.54 | 394.08 | 406.62 | OK | |
r-release-linux-x86_64 | 2.1.3.1 | 16.65 | 395.22 | 411.87 | OK | |
r-release-macos-arm64 | 2.1.3.1 | 152.00 | NOTE | |||
r-release-macos-x86_64 | 2.1.3.1 | 284.00 | NOTE | |||
r-release-windows-x86_64 | 2.1.3.1 | 19.00 | 353.00 | 372.00 | NOTE | |
r-oldrel-macos-arm64 | 2.1.3.1 | 143.00 | NOTE | |||
r-oldrel-macos-x86_64 | 2.1.3.1 | 173.00 | NOTE | |||
r-oldrel-windows-x86_64 | 2.1.3.1 | 19.00 | 331.00 | 350.00 | NOTE |
Version: 2.1.3.1
Check: installed package size
Result: NOTE
installed size is 5.2Mb
sub-directories of 1Mb or more:
doc 1.7Mb
extdata 2.7Mb
Flavors: r-devel-linux-x86_64-fedora-clang, r-devel-windows-x86_64, r-release-macos-arm64, r-release-macos-x86_64, r-release-windows-x86_64, r-oldrel-macos-arm64, r-oldrel-macos-x86_64, r-oldrel-windows-x86_64