Last updated on 2023-06-05 16:54:51 CEST.
Flavor | Version | Tinstall | Tcheck | Ttotal | Status | Flags |
---|---|---|---|---|---|---|
r-devel-linux-x86_64-debian-clang | 0.1.2 | 4.79 | 37.06 | 41.85 | OK | |
r-devel-linux-x86_64-debian-gcc | 0.1.2 | 4.59 | 29.60 | 34.19 | OK | |
r-devel-linux-x86_64-fedora-clang | 0.1.2 | 54.80 | NOTE | |||
r-devel-linux-x86_64-fedora-gcc | 0.1.2 | 63.29 | NOTE | |||
r-devel-windows-x86_64 | 0.1.2 | 8.00 | 56.00 | 64.00 | OK | |
r-patched-linux-x86_64 | 0.1.2 | 4.53 | 35.49 | 40.02 | OK | |
r-release-linux-x86_64 | 0.1.2 | 4.46 | 36.80 | 41.26 | OK | |
r-release-macos-arm64 | 0.1.2 | 33.00 | OK | |||
r-release-macos-x86_64 | 0.1.2 | 41.00 | OK | |||
r-release-windows-x86_64 | 0.1.2 | 9.00 | 59.00 | 68.00 | OK | |
r-oldrel-macos-arm64 | 0.1.2 | 23.00 | NOTE | |||
r-oldrel-macos-x86_64 | 0.1.2 | 40.00 | NOTE | |||
r-oldrel-windows-x86_64 | 0.1.2 | 9.00 | 60.00 | 69.00 | OK |
Version: 0.1.2
Check: dependencies in R code
Result: NOTE
Namespaces in Imports field not imported from:
‘mapview’ ‘plotly’
All declared Imports should be used.
Flavors: r-devel-linux-x86_64-fedora-clang, r-devel-linux-x86_64-fedora-gcc, r-oldrel-macos-arm64, r-oldrel-macos-x86_64