CRAN Package Check Results for Package covidcast

Last updated on 2021-10-27 20:49:28 CEST.

Flavor Version Tinstall Tcheck Ttotal Status Flags
r-devel-linux-x86_64-debian-clang 0.4.2 7.07 135.20 142.27 OK
r-devel-linux-x86_64-debian-gcc 0.4.2 5.88 99.25 105.13 OK
r-devel-linux-x86_64-fedora-clang 0.4.2 179.74 NOTE
r-devel-linux-x86_64-fedora-gcc 0.4.2 165.15 NOTE
r-devel-windows-x86_64 0.4.2 12.00 236.00 248.00 OK
r-devel-windows-x86_64-gcc10-UCRT 0.4.2 NOTE
r-patched-linux-x86_64 0.4.2 6.62 135.10 141.72 OK
r-patched-solaris-x86 0.4.2 127.30 NOTE
r-release-linux-x86_64 0.4.2 4.95 134.09 139.04 OK
r-release-macos-arm64 0.4.2 NOTE
r-release-macos-x86_64 0.4.2 NOTE
r-release-windows-ix86+x86_64 0.4.2 13.00 240.00 253.00 OK
r-oldrel-macos-x86_64 0.4.2 NOTE
r-oldrel-windows-ix86+x86_64 0.4.2 13.00 227.00 240.00 OK

Check Details

Version: 0.4.2
Check: data for non-ASCII characters
Result: NOTE
     Note: found 20 marked UTF-8 strings
Flavors: r-devel-linux-x86_64-fedora-clang, r-devel-linux-x86_64-fedora-gcc, r-devel-windows-x86_64-gcc10-UCRT, r-patched-solaris-x86, r-release-macos-arm64, r-release-macos-x86_64, r-oldrel-macos-x86_64

Version: 0.4.2
Check: installed package size
Result: NOTE
     installed size is 5.1Mb
     sub-directories of 1Mb or more:
     doc 3.9Mb
Flavor: r-patched-solaris-x86