Last updated on 2023-04-02 09:56:26 CEST.
Flavor | Version | Tinstall | Tcheck | Ttotal | Status | Flags |
---|---|---|---|---|---|---|
r-devel-linux-x86_64-debian-clang | 3.6.2 | 6.99 | 146.52 | 153.51 | OK | |
r-devel-linux-x86_64-debian-gcc | 3.6.2 | 5.18 | 113.05 | 118.23 | OK | |
r-devel-linux-x86_64-fedora-clang | 3.6.2 | 194.71 | OK | |||
r-devel-linux-x86_64-fedora-gcc | 3.6.2 | 236.60 | OK | |||
r-devel-windows-x86_64 | 3.6.2 | 16.00 | 278.00 | 294.00 | OK | |
r-patched-linux-x86_64 | 3.6.2 | 6.35 | 150.80 | 157.15 | OK | |
r-release-linux-x86_64 | 3.6.2 | 4.92 | 144.95 | 149.87 | OK | |
r-release-macos-arm64 | 3.6.2 | 89.00 | OK | |||
r-release-macos-x86_64 | 3.6.2 | 127.00 | OK | |||
r-release-windows-x86_64 | 3.6.2 | 103.00 | 318.00 | 421.00 | OK | |
r-oldrel-macos-arm64 | 3.6.2 | 101.00 | OK | |||
r-oldrel-macos-x86_64 | 3.6.2 | 150.00 | OK | |||
r-oldrel-windows-ix86+x86_64 | 3.6.2 | 14.00 | 424.00 | 438.00 | NOTE |
Version: 3.6.2
Check: dependencies in R code
Result: NOTE
Initiating curl with CURL_SSL_BACKEND: openssl
Flavor: r-oldrel-windows-ix86+x86_64