CRAN Package Check Results for Package coxmeg

Last updated on 2023-06-08 08:55:18 CEST.

Flavor Version Tinstall Tcheck Ttotal Status Flags
r-devel-linux-x86_64-debian-clang 1.1.4 146.73 375.41 522.14 OK
r-devel-linux-x86_64-debian-gcc 1.1.4 113.83 289.74 403.57 OK
r-devel-linux-x86_64-fedora-clang 1.1.4 669.43 NOTE
r-devel-linux-x86_64-fedora-gcc 1.1.4 680.82 NOTE
r-devel-windows-x86_64 1.1.4 107.00 289.00 396.00 OK
r-patched-linux-x86_64 1.1.4 99.32 357.61 456.93 OK
r-release-linux-x86_64 1.1.4 105.41 356.48 461.89 OK
r-release-macos-arm64 1.1.4 219.00 NOTE
r-release-macos-x86_64 1.1.4 388.00 NOTE
r-release-windows-x86_64 1.1.4 138.00 377.00 515.00 OK
r-oldrel-macos-arm64 1.1.4 9.00 ERROR
r-oldrel-macos-x86_64 1.1.4 238.00 NOTE
r-oldrel-windows-x86_64 1.1.4 127.00 358.00 485.00 OK

Check Details

Version: 1.1.4
Check: package dependencies
Result: NOTE
    Package suggested but not available for checking: ‘GENESIS’
Flavors: r-devel-linux-x86_64-fedora-clang, r-devel-linux-x86_64-fedora-gcc, r-release-macos-arm64, r-release-macos-x86_64

Version: 1.1.4
Check: installed package size
Result: NOTE
     installed size is 26.1Mb
     sub-directories of 1Mb or more:
     libs 24.9Mb
Flavors: r-release-macos-arm64, r-release-macos-x86_64, r-oldrel-macos-x86_64

Version: 1.1.4
Check: package dependencies
Result: ERROR
    Package required but not available: ‘SeqArray’
    
    Package suggested but not available for checking: ‘GENESIS’
    
    See section ‘The DESCRIPTION file’ in the ‘Writing R Extensions’
    manual.
Flavor: r-oldrel-macos-arm64