CRAN Package Check Results for Package coxphMIC

Last updated on 2021-06-20 12:50:05 CEST.

Flavor Version Tinstall Tcheck Ttotal Status Flags
r-devel-linux-x86_64-debian-clang 0.1.0 7.37 59.14 66.51 NOTE
r-devel-linux-x86_64-debian-gcc 0.1.0 6.18 46.36 52.54 NOTE
r-devel-linux-x86_64-fedora-clang 0.1.0 88.76 NOTE
r-devel-linux-x86_64-fedora-gcc 0.1.0 78.00 NOTE
r-devel-windows-x86_64 0.1.0 10.00 72.00 82.00 NOTE
r-devel-windows-x86_64-gcc10-UCRT 0.1.0 NOTE
r-patched-linux-x86_64 0.1.0 8.19 57.69 65.88 NOTE
r-patched-solaris-x86 0.1.0 121.80 NOTE
r-release-linux-x86_64 0.1.0 7.59 57.97 65.56 NOTE
r-release-macos-arm64 0.1.0 NOTE
r-release-macos-x86_64 0.1.0 NOTE
r-release-windows-ix86+x86_64 0.1.0 15.00 55.00 70.00 NOTE
r-oldrel-macos-x86_64 0.1.0 OK
r-oldrel-windows-ix86+x86_64 0.1.0 12.00 82.00 94.00 OK

Check Details

Version: 0.1.0
Check: LazyData
Result: NOTE
     'LazyData' is specified without a 'data' directory
Flavors: r-devel-linux-x86_64-debian-clang, r-devel-linux-x86_64-debian-gcc, r-devel-linux-x86_64-fedora-clang, r-devel-linux-x86_64-fedora-gcc, r-devel-windows-x86_64, r-devel-windows-x86_64-gcc10-UCRT, r-patched-linux-x86_64, r-patched-solaris-x86, r-release-linux-x86_64, r-release-macos-arm64, r-release-macos-x86_64, r-release-windows-ix86+x86_64