Last updated on 2023-09-23 16:53:58 CEST.
Flavor | Version | Tinstall | Tcheck | Ttotal | Status | Flags |
---|---|---|---|---|---|---|
r-devel-linux-x86_64-debian-clang | 0.7-11 | 25.16 | 153.99 | 179.15 | OK | |
r-devel-linux-x86_64-debian-gcc | 0.7-11 | 20.35 | 114.10 | 134.45 | OK | |
r-devel-linux-x86_64-fedora-clang | 0.7-11 | 224.49 | OK | |||
r-devel-linux-x86_64-fedora-gcc | 0.7-11 | 238.58 | OK | |||
r-devel-windows-x86_64 | 0.7-11 | 25.00 | 142.00 | 167.00 | OK | |
r-patched-linux-x86_64 | 0.7-11 | 23.03 | 143.67 | 166.70 | OK | |
r-release-linux-x86_64 | 0.7-11 | 26.53 | 147.10 | 173.63 | OK | |
r-release-macos-arm64 | 0.7-11 | 74.00 | NOTE | |||
r-release-macos-x86_64 | 0.7-11 | 167.00 | OK | |||
r-release-windows-x86_64 | 0.7-11 | 34.00 | 163.00 | 197.00 | OK | |
r-oldrel-macos-arm64 | 0.7-11 | 69.00 | NOTE | |||
r-oldrel-macos-x86_64 | 0.7-11 | 87.00 | OK | |||
r-oldrel-windows-x86_64 | 0.7-11 | 33.00 | 163.00 | 196.00 | OK |
Version: 0.7-11
Check: re-building of vignette outputs
Result: NOTE
Error(s) in re-building vignettes:
...
--- re-building ‘cplm.Rnw’ using Sweave
Loading required package: coda
Loading required package: Matrix
Loading required package: splines
Error: processing vignette 'cplm.Rnw' failed with diagnostics:
Running 'texi2dvi' on 'cplm.tex' failed.
LaTeX errors:
!pdfTeX error: pdflatex (file bbm10): Font bbm10 at 600 not found
==> Fatal error occurred, no output PDF file produced!
--- failed re-building ‘cplm.Rnw’
SUMMARY: processing the following file failed:
‘cplm.Rnw’
Error: Vignette re-building failed.
Execution halted
Flavors: r-release-macos-arm64, r-oldrel-macos-arm64