CRAN Package Check Results for Package cragg

Last updated on 2023-05-28 22:00:08 CEST.

Flavor Version Tinstall Tcheck Ttotal Status Flags
r-devel-linux-x86_64-debian-clang 0.0.1 2.23 34.05 36.28 NOTE
r-devel-linux-x86_64-debian-gcc 0.0.1 1.63 26.80 28.43 NOTE
r-devel-linux-x86_64-fedora-clang 0.0.1 46.35 NOTE
r-devel-linux-x86_64-fedora-gcc 0.0.1 55.66 NOTE
r-devel-windows-x86_64 0.0.1 3.00 50.00 53.00 NOTE
r-patched-linux-x86_64 0.0.1 2.26 33.19 35.45 NOTE
r-release-linux-x86_64 0.0.1 1.77 32.92 34.69 NOTE
r-release-macos-arm64 0.0.1 27.00 NOTE
r-release-macos-x86_64 0.0.1 35.00 NOTE
r-release-windows-x86_64 0.0.1 4.00 54.00 58.00 NOTE
r-oldrel-macos-arm64 0.0.1 27.00 NOTE
r-oldrel-macos-x86_64 0.0.1 27.00 NOTE
r-oldrel-windows-x86_64 0.0.1 4.00 56.00 60.00 NOTE

Check Details

Version: 0.0.1
Check: LazyData
Result: NOTE
     'LazyData' is specified without a 'data' directory
Flavors: r-devel-linux-x86_64-debian-clang, r-devel-linux-x86_64-debian-gcc, r-devel-linux-x86_64-fedora-clang, r-devel-linux-x86_64-fedora-gcc, r-devel-windows-x86_64, r-patched-linux-x86_64, r-release-linux-x86_64, r-release-macos-arm64, r-release-macos-x86_64, r-release-windows-x86_64, r-oldrel-macos-arm64, r-oldrel-macos-x86_64, r-oldrel-windows-x86_64