Last updated on 2024-04-19 16:58:38 CEST.
Flavor | Version | Tinstall | Tcheck | Ttotal | Status | Flags |
---|---|---|---|---|---|---|
r-devel-linux-x86_64-debian-clang | 0.3.7 | 79.28 | 551.64 | 630.92 | OK | |
r-devel-linux-x86_64-debian-gcc | 0.3.7 | OK | ||||
r-devel-linux-x86_64-fedora-clang | 0.3.7 | 748.42 | OK | |||
r-devel-linux-x86_64-fedora-gcc | 0.3.7 | 763.46 | OK | |||
r-prerel-macos-arm64 | 0.3.7 | 276.00 | NOTE | |||
r-prerel-macos-x86_64 | 0.3.7 | 602.00 | NOTE | |||
r-prerel-windows-x86_64 | 0.3.7 | 65.00 | 557.00 | 622.00 | OK | |
r-patched-linux-x86_64 | 0.3.7 | 83.52 | 523.61 | 607.13 | OK | |
r-release-linux-x86_64 | 0.3.7 | 75.63 | 526.99 | 602.62 | OK | |
r-release-macos-arm64 | 0.3.7 | 215.00 | NOTE | |||
r-release-macos-x86_64 | 0.3.7 | 564.00 | NOTE | |||
r-release-windows-x86_64 | 0.3.7 | 83.00 | 679.00 | 762.00 | OK | |
r-oldrel-macos-arm64 | 0.3.7 | 215.00 | NOTE | |||
r-oldrel-windows-x86_64 | 0.3.7 | 64.00 | 652.00 | 716.00 | OK |
Version: 0.3.7
Check: installed package size
Result: NOTE
installed size is 9.1Mb
sub-directories of 1Mb or more:
data 1.2Mb
doc 2.2Mb
libs 5.5Mb
Flavors: r-prerel-macos-arm64, r-prerel-macos-x86_64, r-release-macos-arm64, r-release-macos-x86_64, r-oldrel-macos-arm64