Last updated on 2023-06-05 16:54:51 CEST.
Flavor | Version | Tinstall | Tcheck | Ttotal | Status | Flags |
---|---|---|---|---|---|---|
r-devel-linux-x86_64-debian-clang | 0.6.0 | 8.15 | 446.70 | 454.85 | OK | |
r-devel-linux-x86_64-debian-gcc | 0.6.0 | 7.31 | 361.95 | 369.26 | OK | |
r-devel-linux-x86_64-fedora-clang | 0.6.0 | 591.57 | NOTE | |||
r-devel-linux-x86_64-fedora-gcc | 0.6.0 | 570.58 | OK | |||
r-devel-windows-x86_64 | 0.6.0 | 12.00 | 327.00 | 339.00 | NOTE | |
r-patched-linux-x86_64 | 0.6.0 | 9.05 | 422.70 | 431.75 | OK | |
r-release-linux-x86_64 | 0.6.0 | 7.74 | 431.26 | 439.00 | OK | |
r-release-macos-arm64 | 0.6.0 | 195.00 | NOTE | |||
r-release-macos-x86_64 | 0.6.0 | 346.00 | NOTE | |||
r-release-windows-x86_64 | 0.6.0 | 12.00 | 458.00 | 470.00 | NOTE | |
r-oldrel-macos-arm64 | 0.6.0 | 174.00 | NOTE | |||
r-oldrel-macos-x86_64 | 0.6.0 | 231.00 | NOTE | |||
r-oldrel-windows-x86_64 | 0.6.0 | 11.00 | 449.00 | 460.00 | NOTE |
Version: 0.6.0
Check: installed package size
Result: NOTE
installed size is 5.4Mb
sub-directories of 1Mb or more:
doc 5.1Mb
Flavors: r-devel-linux-x86_64-fedora-clang, r-devel-windows-x86_64, r-release-macos-arm64, r-release-macos-x86_64, r-release-windows-x86_64, r-oldrel-macos-arm64, r-oldrel-macos-x86_64, r-oldrel-windows-x86_64