CRAN Package Check Results for Package crawl

Last updated on 2021-09-19 04:52:53 CEST.

Flavor Version Tinstall Tcheck Ttotal Status Flags
r-devel-linux-x86_64-debian-clang 2.2.1 160.18 69.06 229.24 OK
r-devel-linux-x86_64-debian-gcc 2.2.1 104.76 51.42 156.18 OK
r-devel-linux-x86_64-fedora-clang 2.2.1 317.44 NOTE
r-devel-linux-x86_64-fedora-gcc 2.2.1 274.53 NOTE
r-devel-windows-x86_64 2.2.1 149.00 102.00 251.00 OK --no-vignettes
r-devel-windows-x86_64-gcc10-UCRT 2.2.1 ERROR
r-patched-linux-x86_64 2.2.1 126.26 64.93 191.19 OK
r-patched-solaris-x86 2.2.1 274.40 NOTE
r-release-linux-x86_64 2.2.1 120.42 64.57 184.99 OK
r-release-macos-arm64 2.2.1 NOTE
r-release-macos-x86_64 2.2.1 NOTE
r-release-windows-ix86+x86_64 2.2.1 348.00 83.00 431.00 OK --no-vignettes
r-oldrel-macos-x86_64 2.2.1 NOTE
r-oldrel-windows-ix86+x86_64 2.2.1 340.00 89.00 429.00 OK --no-vignettes

Check Details

Version: 2.2.1
Check: installed package size
Result: NOTE
     installed size is 7.0Mb
     sub-directories of 1Mb or more:
     libs 6.4Mb
Flavors: r-devel-linux-x86_64-fedora-clang, r-release-macos-arm64, r-release-macos-x86_64, r-oldrel-macos-x86_64

Version: 2.2.1
Check: dependencies in R code
Result: NOTE
    Namespaces in Imports field not imported from:
     ‘gdistance’ ‘raster’
     All declared Imports should be used.
Flavors: r-devel-linux-x86_64-fedora-clang, r-devel-linux-x86_64-fedora-gcc, r-patched-solaris-x86, r-release-macos-arm64, r-release-macos-x86_64, r-oldrel-macos-x86_64

Version: 2.2.1
Check: whether package can be installed
Result: ERROR
    Installation failed.
Flavor: r-devel-windows-x86_64-gcc10-UCRT