Last updated on 2024-04-18 01:02:47 CEST.
Flavor | Version | Tinstall | Tcheck | Ttotal | Status | Flags |
---|---|---|---|---|---|---|
r-devel-linux-x86_64-debian-clang | 0.5.2 | 148.69 | 43.57 | 192.26 | OK | |
r-devel-linux-x86_64-debian-gcc | 0.5.2 | 131.90 | 41.87 | 173.77 | OK | |
r-devel-linux-x86_64-fedora-clang | 0.5.2 | 249.47 | OK | |||
r-devel-linux-x86_64-fedora-gcc | 0.5.2 | 304.10 | OK | |||
r-prerel-macos-arm64 | 0.5.2 | 63.00 | NOTE | |||
r-prerel-macos-x86_64 | 0.5.2 | 100.00 | NOTE | |||
r-prerel-windows-x86_64 | 0.5.2 | 101.00 | 84.00 | 185.00 | OK | |
r-patched-linux-x86_64 | 0.5.2 | 150.50 | 51.63 | 202.13 | OK | |
r-release-linux-x86_64 | 0.5.2 | 147.95 | 54.49 | 202.44 | OK | |
r-release-macos-arm64 | 0.5.2 | 67.00 | NOTE | |||
r-release-macos-x86_64 | 0.5.2 | 106.00 | NOTE | |||
r-release-windows-x86_64 | 0.5.2 | 144.00 | 100.00 | 244.00 | OK | |
r-oldrel-macos-arm64 | 0.5.2 | 59.00 | NOTE | |||
r-oldrel-windows-x86_64 | 0.5.2 | 145.00 | 98.00 | 243.00 | OK |
Version: 0.5.2
Check: installed package size
Result: NOTE
installed size is 50.5Mb
sub-directories of 1Mb or more:
libs 50.4Mb
Flavors: r-prerel-macos-arm64, r-prerel-macos-x86_64, r-release-macos-arm64, r-release-macos-x86_64, r-oldrel-macos-arm64