Last updated on 2024-03-27 23:59:41 CET.
Flavor | Version | Tinstall | Tcheck | Ttotal | Status | Flags |
---|---|---|---|---|---|---|
r-devel-linux-x86_64-debian-clang | 0.2.3 | 7.41 | 95.74 | 103.15 | OK | |
r-devel-linux-x86_64-debian-gcc | 0.2.3 | 6.20 | 71.85 | 78.05 | OK | |
r-devel-linux-x86_64-fedora-clang | 0.2.3 | 126.72 | NOTE | |||
r-devel-linux-x86_64-fedora-gcc | 0.2.3 | 138.39 | NOTE | |||
r-devel-windows-x86_64 | 0.2.3 | 8.00 | 92.00 | 100.00 | OK | |
r-patched-linux-x86_64 | 0.2.3 | 6.19 | 88.66 | 94.85 | OK | |
r-release-linux-x86_64 | 0.2.3 | 6.35 | 90.75 | 97.10 | OK | |
r-release-macos-arm64 | 0.2.3 | 52.00 | OK | |||
r-release-macos-x86_64 | 0.2.3 | 110.00 | OK | |||
r-release-windows-x86_64 | 0.2.3 | 11.00 | 102.00 | 113.00 | OK | |
r-oldrel-macos-arm64 | 0.2.3 | 47.00 | OK | |||
r-oldrel-windows-x86_64 | 0.2.3 | 11.00 | 110.00 | 121.00 | OK |
Version: 0.2.3
Check: data for non-ASCII characters
Result: NOTE
Note: found 37 marked UTF-8 strings
Flavors: r-devel-linux-x86_64-fedora-clang, r-devel-linux-x86_64-fedora-gcc