CRAN Package Check Results for Package crimeutils

Last updated on 2021-10-16 13:03:52 CEST.

Flavor Version Tinstall Tcheck Ttotal Status Flags
r-devel-linux-x86_64-debian-clang 0.3.0 3.44 36.64 40.08 NOTE
r-devel-linux-x86_64-debian-gcc 0.3.0 2.57 28.60 31.17 NOTE
r-devel-linux-x86_64-fedora-clang 0.3.0 58.56 NOTE
r-devel-linux-x86_64-fedora-gcc 0.3.0 46.94 NOTE
r-devel-windows-x86_64 0.3.0 5.00 44.00 49.00 NOTE
r-devel-windows-x86_64-gcc10-UCRT 0.3.0 NOTE
r-patched-linux-x86_64 0.3.0 3.36 35.16 38.52 NOTE
r-patched-solaris-x86 0.3.0 67.90 NOTE
r-release-linux-x86_64 0.3.0 2.41 35.13 37.54 NOTE
r-release-macos-arm64 0.3.0 NOTE
r-release-macos-x86_64 0.3.0 NOTE
r-release-windows-ix86+x86_64 0.3.0 8.00 54.00 62.00 NOTE
r-oldrel-macos-x86_64 0.3.0 OK
r-oldrel-windows-ix86+x86_64 0.3.0 7.00 63.00 70.00 OK

Check Details

Version: 0.3.0
Check: LazyData
Result: NOTE
     'LazyData' is specified without a 'data' directory
Flavors: r-devel-linux-x86_64-debian-clang, r-devel-linux-x86_64-debian-gcc, r-devel-linux-x86_64-fedora-clang, r-devel-linux-x86_64-fedora-gcc, r-devel-windows-x86_64, r-devel-windows-x86_64-gcc10-UCRT, r-patched-linux-x86_64, r-patched-solaris-x86, r-release-linux-x86_64, r-release-macos-arm64, r-release-macos-x86_64, r-release-windows-ix86+x86_64