Last updated on 2022-06-25 00:50:43 CEST.
Flavor | Version | Tinstall | Tcheck | Ttotal | Status | Flags |
---|---|---|---|---|---|---|
r-devel-linux-x86_64-debian-clang | 1.0.2 | 7.42 | 83.80 | 91.22 | OK | |
r-devel-linux-x86_64-debian-gcc | 1.0.2 | 5.49 | 64.24 | 69.73 | OK | |
r-devel-linux-x86_64-fedora-clang | 1.0.2 | 126.22 | WARN | |||
r-devel-linux-x86_64-fedora-gcc | 1.0.2 | 116.85 | WARN | |||
r-devel-windows-x86_64 | 1.0.2 | 13.00 | 114.00 | 127.00 | OK | |
r-patched-linux-x86_64 | 1.0.2 | 7.56 | 78.95 | 86.51 | OK | |
r-release-linux-x86_64 | 1.0.2 | 6.63 | 79.89 | 86.52 | OK | |
r-release-macos-arm64 | 1.0.2 | 33.00 | OK | |||
r-release-macos-x86_64 | 1.0.2 | 63.00 | OK | |||
r-release-windows-x86_64 | 1.0.2 | 15.00 | 114.00 | 129.00 | OK | |
r-oldrel-macos-arm64 | 1.0.2 | 53.00 | OK | |||
r-oldrel-macos-x86_64 | 1.0.2 | 61.00 | OK | |||
r-oldrel-windows-ix86+x86_64 | 1.0.2 | 19.00 | 104.00 | 123.00 | OK |
Version: 1.0.2
Check: package dependencies
Result: WARN
Requires (indirectly) orphaned package: ‘gtools’
Flavors: r-devel-linux-x86_64-fedora-clang, r-devel-linux-x86_64-fedora-gcc