CRAN Package Check Results for Package cromwellDashboard

Last updated on 2021-09-28 01:49:20 CEST.

Flavor Version Tinstall Tcheck Ttotal Status Flags
r-devel-linux-x86_64-debian-clang 0.5.1 3.78 33.22 37.00 NOTE
r-devel-linux-x86_64-debian-gcc 0.5.1 2.77 26.19 28.96 NOTE
r-devel-linux-x86_64-fedora-clang 0.5.1 52.31 NOTE
r-devel-linux-x86_64-fedora-gcc 0.5.1 41.66 NOTE
r-devel-windows-x86_64 0.5.1 5.00 40.00 45.00 NOTE
r-devel-windows-x86_64-gcc10-UCRT 0.5.1 NOTE
r-patched-linux-x86_64 0.5.1 3.04 31.79 34.83 NOTE
r-patched-solaris-x86 0.5.1 67.50 NOTE
r-release-linux-x86_64 0.5.1 2.47 31.81 34.28 NOTE
r-release-macos-arm64 0.5.1 NOTE
r-release-macos-x86_64 0.5.1 NOTE
r-release-windows-ix86+x86_64 0.5.1 10.00 39.00 49.00 NOTE
r-oldrel-macos-x86_64 0.5.1 OK
r-oldrel-windows-ix86+x86_64 0.5.1 8.00 41.00 49.00 OK

Check Details

Version: 0.5.1
Check: LazyData
Result: NOTE
     'LazyData' is specified without a 'data' directory
Flavors: r-devel-linux-x86_64-debian-clang, r-devel-linux-x86_64-debian-gcc, r-devel-linux-x86_64-fedora-clang, r-devel-linux-x86_64-fedora-gcc, r-devel-windows-x86_64, r-devel-windows-x86_64-gcc10-UCRT, r-patched-linux-x86_64, r-patched-solaris-x86, r-release-linux-x86_64, r-release-macos-arm64, r-release-macos-x86_64, r-release-windows-ix86+x86_64