CRAN Package Check Results for Package cropDemand

Last updated on 2021-10-26 20:50:50 CEST.

Flavor Version Tinstall Tcheck Ttotal Status Flags
r-devel-linux-x86_64-debian-clang 1.0.1 25.76 224.27 250.03 NOTE
r-devel-linux-x86_64-debian-gcc 1.0.1 24.69 168.21 192.90 NOTE
r-devel-linux-x86_64-fedora-clang 1.0.1 306.91 NOTE
r-devel-linux-x86_64-fedora-gcc 1.0.1 293.81 NOTE
r-devel-windows-x86_64 1.0.1 38.00 246.00 284.00 NOTE
r-devel-windows-x86_64-gcc10-UCRT 1.0.1 NOTE
r-patched-linux-x86_64 1.0.1 25.46 213.90 239.36 NOTE
r-patched-solaris-x86 1.0.1 192.40 NOTE
r-release-linux-x86_64 1.0.1 19.44 212.75 232.19 NOTE
r-release-macos-arm64 1.0.1 NOTE
r-release-macos-x86_64 1.0.1 NOTE
r-release-windows-ix86+x86_64 1.0.1 45.00 246.00 291.00 NOTE
r-oldrel-macos-x86_64 1.0.1 OK
r-oldrel-windows-ix86+x86_64 1.0.1 27.00 115.00 142.00 OK

Check Details

Version: 1.0.1
Check: LazyData
Result: NOTE
     'LazyData' is specified without a 'data' directory
Flavors: r-devel-linux-x86_64-debian-clang, r-devel-linux-x86_64-debian-gcc, r-devel-linux-x86_64-fedora-clang, r-devel-linux-x86_64-fedora-gcc, r-devel-windows-x86_64, r-devel-windows-x86_64-gcc10-UCRT, r-patched-linux-x86_64, r-patched-solaris-x86, r-release-linux-x86_64, r-release-macos-arm64, r-release-macos-x86_64, r-release-windows-ix86+x86_64