CRAN Package Check Results for Package crrstep

Last updated on 2022-01-20 16:51:16 CET.

Flavor Version Tinstall Tcheck Ttotal Status Flags
r-devel-linux-x86_64-debian-clang 2015-2.1 NOTE
r-devel-linux-x86_64-debian-gcc 2015-2.1 5.78 58.34 64.12 NOTE
r-devel-linux-x86_64-fedora-clang 2015-2.1 101.71 NOTE
r-devel-linux-x86_64-fedora-gcc 2015-2.1 90.45 NOTE
r-devel-windows-x86_64-new-UL 2015-2.1 18.00 93.00 111.00 NOTE
r-devel-windows-x86_64-new-TK 2015-2.1 NOTE
r-patched-linux-x86_64 2015-2.1 9.79 73.38 83.17 NOTE
r-release-linux-x86_64 2015-2.1 8.22 73.73 81.95 NOTE
r-release-macos-arm64 2015-2.1 NOTE
r-release-macos-x86_64 2015-2.1 NOTE
r-release-windows-ix86+x86_64 2015-2.1 17.00 77.00 94.00 NOTE
r-oldrel-macos-x86_64 2015-2.1 NOTE
r-oldrel-windows-ix86+x86_64 2015-2.1 16.00 90.00 106.00 NOTE

Check Details

Version: 2015-2.1
Check: R code for possible problems
Result: NOTE
    crrstep : crr.makecov1: no visible global function definition for
     'model.matrix'
    crrstep : crr.dropterm: no visible global function definition for
     'terms'
    crrstep : crr.dropterm: no visible global function definition for
     'as.formula'
    crrstep : crr.addterm: no visible global function definition for
     'terms'
    crrstep : crr.addterm: no visible global function definition for
     'as.formula'
    crrstep: no visible global function definition for 'as.formula'
    crrstep: no visible global function definition for 'terms'
    crrstep: no visible global function definition for 'model.frame'
    crrstep: no visible binding for global variable 'na.pass'
    crrstep: no visible global function definition for 'update'
    crrstep: no visible global function definition for 'drop.terms'
    Undefined global functions or variables:
     as.formula drop.terms model.frame model.matrix na.pass terms update
    Consider adding
     importFrom("stats", "as.formula", "drop.terms", "model.frame",
     "model.matrix", "na.pass", "terms", "update")
    to your NAMESPACE file.
Flavors: r-devel-linux-x86_64-debian-clang, r-devel-linux-x86_64-debian-gcc, r-devel-linux-x86_64-fedora-clang, r-devel-linux-x86_64-fedora-gcc, r-devel-windows-x86_64-new-UL, r-devel-windows-x86_64-new-TK, r-patched-linux-x86_64, r-release-linux-x86_64, r-release-macos-arm64, r-release-macos-x86_64, r-release-windows-ix86+x86_64, r-oldrel-macos-x86_64, r-oldrel-windows-ix86+x86_64