Last updated on 2023-12-10 08:48:21 CET.
Flavor | Version | Tinstall | Tcheck | Ttotal | Status | Flags |
---|---|---|---|---|---|---|
r-devel-linux-x86_64-debian-clang | 0.15-37 | 309.97 | 262.72 | 572.69 | OK | |
r-devel-linux-x86_64-debian-gcc | 0.15-37 | 265.37 | 195.28 | 460.65 | OK | |
r-devel-linux-x86_64-fedora-clang | 0.15-37 | 876.32 | OK | |||
r-devel-linux-x86_64-fedora-gcc | 0.15-37 | 837.46 | OK | |||
r-devel-windows-x86_64 | 0.15-37 | 256.00 | 185.00 | 441.00 | OK | --no-vignettes |
r-patched-linux-x86_64 | 0.15-37 | 306.49 | 249.56 | 556.05 | OK | |
r-release-linux-x86_64 | 0.15-37 | 306.25 | 245.83 | 552.08 | OK | |
r-release-macos-arm64 | 0.15-37 | 340.00 | NOTE | |||
r-release-macos-x86_64 | 0.15-37 | 426.00 | NOTE | |||
r-release-windows-x86_64 | 0.15-37 | 321.00 | 208.00 | 529.00 | OK | --no-vignettes |
r-oldrel-macos-arm64 | 0.15-37 | 272.00 | NOTE | |||
r-oldrel-macos-x86_64 | 0.15-37 | 341.00 | NOTE | |||
r-oldrel-windows-x86_64 | 0.15-37 | 268.00 | 187.00 | 455.00 | OK | --no-vignettes |
Version: 0.15-37
Check: installed package size
Result: NOTE
installed size is 30.6Mb
sub-directories of 1Mb or more:
libs 29.0Mb
Flavors: r-release-macos-arm64, r-release-macos-x86_64, r-oldrel-macos-arm64, r-oldrel-macos-x86_64
Version: 0.15-37
Check: re-building of vignette outputs
Result: NOTE
Error(s) in re-building vignettes:
--- re-building ‘crs.Rnw’ using Sweave
Registered S3 method overwritten by 'crs':
method from
predict.gsl.bs np
Categorical Regression Splines (version 0.15-37)
[vignette("crs_faq") provides answers to frequently asked questions]
--- finished re-building ‘crs.Rnw’
--- re-building ‘crs_faq.Rnw’ using Sweave
--- finished re-building ‘crs_faq.Rnw’
--- re-building ‘spline_primer.Rnw’ using Sweave
Registered S3 method overwritten by 'crs':
method from
predict.gsl.bs np
Categorical Regression Splines (version 0.15-37)
[vignette("crs_faq") provides answers to frequently asked questions]
Error: processing vignette 'spline_primer.Rnw' failed with diagnostics:
Running 'texi2dvi' on 'spline_primer.tex' failed.
LaTeX errors:
! LaTeX Error: File `harvard.sty' not found.
Type X to quit or <RETURN> to proceed,
or enter new name. (Default extension: sty)
! Emergency stop.
<read *>
l.11 \usepackage
[utf8]{inputenc}^^M
! ==> Fatal error occurred, no output PDF file produced!
--- failed re-building ‘spline_primer.Rnw’
SUMMARY: processing the following file failed:
‘spline_primer.Rnw’
Error: Vignette re-building failed.
Execution halted
Flavor: r-release-macos-x86_64