Last updated on 2024-03-28 15:49:44 CET.
Flavor | Version | Tinstall | Tcheck | Ttotal | Status | Flags |
---|---|---|---|---|---|---|
r-devel-linux-x86_64-debian-clang | 0.2.3 | 12.85 | 113.93 | 126.78 | OK | |
r-devel-linux-x86_64-debian-gcc | 0.2.3 | 9.98 | 85.91 | 95.89 | OK | |
r-devel-linux-x86_64-fedora-clang | 0.2.3 | 157.35 | NOTE | |||
r-devel-linux-x86_64-fedora-gcc | 0.2.3 | 169.43 | NOTE | |||
r-devel-windows-x86_64 | 0.2.3 | 11.00 | 101.00 | 112.00 | OK | |
r-patched-linux-x86_64 | 0.2.3 | 16.06 | 109.80 | 125.86 | OK | |
r-release-linux-x86_64 | 0.2.3 | 12.56 | 110.72 | 123.28 | OK | |
r-release-macos-arm64 | 0.2.3 | 56.00 | OK | |||
r-release-macos-x86_64 | 0.2.3 | 87.00 | OK | |||
r-release-windows-x86_64 | 0.2.3 | 15.00 | 119.00 | 134.00 | OK | |
r-oldrel-macos-arm64 | 0.2.3 | 45.00 | NOTE | |||
r-oldrel-windows-x86_64 | 0.2.3 | 17.00 | 124.00 | 141.00 | OK |
Version: 0.2.3
Check: data for non-ASCII characters
Result: NOTE
Note: found 500 marked UTF-8 strings
Flavors: r-devel-linux-x86_64-fedora-clang, r-devel-linux-x86_64-fedora-gcc, r-oldrel-macos-arm64