Last updated on 2024-04-19 01:04:28 CEST.
Flavor | Version | Tinstall | Tcheck | Ttotal | Status | Flags |
---|---|---|---|---|---|---|
r-devel-linux-x86_64-debian-clang | 1.1 | 37.40 | 293.39 | 330.79 | NOTE | |
r-devel-linux-x86_64-debian-gcc | 1.1 | 26.52 | 207.33 | 233.85 | NOTE | |
r-devel-linux-x86_64-fedora-clang | 1.1 | 389.29 | NOTE | |||
r-devel-linux-x86_64-fedora-gcc | 1.1 | 372.63 | NOTE | |||
r-prerel-macos-arm64 | 1.1 | 85.00 | NOTE | |||
r-prerel-windows-x86_64 | 1.1 | 24.00 | 176.00 | 200.00 | NOTE | |
r-patched-linux-x86_64 | 1.1 | 33.40 | 276.98 | 310.38 | NOTE | |
r-release-linux-x86_64 | 1.1 | 35.10 | 283.85 | 318.95 | OK | |
r-release-macos-arm64 | 1.1 | 89.00 | OK | |||
r-release-macos-x86_64 | 1.1 | 165.00 | OK | |||
r-release-windows-x86_64 | 1.1 | 35.00 | 237.00 | 272.00 | OK | |
r-oldrel-macos-arm64 | 1.1 | 70.00 | OK | |||
r-oldrel-windows-x86_64 | 1.1 | 35.00 | 234.00 | 269.00 | OK |
Version: 1.1
Check: Rd files
Result: NOTE
checkRd: (-1) cruts-package.Rd:21: Lost braces
21 | section{Dependencies}{
| ^
checkRd: (-1) cruts-package.Rd:21-24: Lost braces
21 | section{Dependencies}{
| ^
checkRd: (-1) cruts-package.Rd:26: Lost braces
26 | section{Citation}{
| ^
checkRd: (-1) cruts-package.Rd:26-28: Lost braces
26 | section{Citation}{
| ^
checkRd: (-1) cruts-package.Rd:30-32: Lost braces
30 | references{
| ^
Flavors: r-devel-linux-x86_64-debian-clang, r-devel-linux-x86_64-debian-gcc, r-devel-linux-x86_64-fedora-clang, r-devel-linux-x86_64-fedora-gcc, r-prerel-macos-arm64, r-prerel-windows-x86_64, r-patched-linux-x86_64