CRAN Package Check Results for Package cryptoQuotes

Last updated on 2024-06-23 08:51:06 CEST.

Flavor Version Tinstall Tcheck Ttotal Status Flags
r-devel-linux-x86_64-debian-clang 1.3.1 14.77 128.48 143.25 OK
r-devel-linux-x86_64-debian-gcc 1.3.1 8.10 94.42 102.52 OK
r-devel-linux-x86_64-fedora-clang 1.3.1 170.13 NOTE
r-devel-linux-x86_64-fedora-gcc 1.3.1 186.64 OK
r-devel-windows-x86_64 1.3.1 11.00 122.00 133.00 NOTE
r-patched-linux-x86_64 1.3.1 21.41 124.66 146.07 OK
r-release-linux-x86_64 1.3.1 11.59 124.66 136.25 OK
r-release-macos-arm64 1.3.1 59.00 NOTE
r-release-macos-x86_64 1.3.1 102.00 NOTE
r-release-windows-x86_64 1.3.1 13.00 124.00 137.00 NOTE
r-oldrel-macos-arm64 1.3.1 70.00 NOTE
r-oldrel-macos-x86_64 1.3.1 108.00 NOTE
r-oldrel-windows-x86_64 1.3.1 14.00 149.00 163.00 NOTE

Check Details

Version: 1.3.1
Check: installed package size
Result: NOTE installed size is 13.1Mb sub-directories of 1Mb or more: doc 11.9Mb Flavors: r-devel-linux-x86_64-fedora-clang, r-devel-windows-x86_64, r-release-macos-arm64, r-release-macos-x86_64, r-release-windows-x86_64, r-oldrel-macos-arm64, r-oldrel-macos-x86_64, r-oldrel-windows-x86_64