CRAN Package Check Results for Package cspp

Last updated on 2021-10-21 16:49:39 CEST.

Flavor Version Tinstall Tcheck Ttotal Status Flags
r-devel-linux-x86_64-debian-clang 0.3.2 6.85 71.94 78.79 OK
r-devel-linux-x86_64-debian-gcc 0.3.2 5.19 55.73 60.92 OK
r-devel-linux-x86_64-fedora-clang 0.3.2 107.17 OK
r-devel-linux-x86_64-fedora-gcc 0.3.2 93.78 OK
r-devel-windows-x86_64 0.3.2 8.00 103.00 111.00 OK
r-devel-windows-x86_64-gcc10-UCRT 0.3.2 WARN
r-patched-linux-x86_64 0.3.2 6.91 68.30 75.21 OK
r-patched-solaris-x86 0.3.2 117.40 OK
r-release-linux-x86_64 0.3.2 6.08 68.13 74.21 OK
r-release-macos-arm64 0.3.1 OK
r-release-macos-x86_64 0.3.2 OK
r-release-windows-ix86+x86_64 0.3.2 12.00 73.00 85.00 OK
r-oldrel-macos-x86_64 0.3.2 OK
r-oldrel-windows-ix86+x86_64 0.3.2 15.00 70.00 85.00 OK

Check Details

Version: 0.3.2
Check: package dependencies
Result: NOTE
    Packages suggested but not available for checking: 'ggraph', 'igraph'
Flavor: r-devel-windows-x86_64-gcc10-UCRT

Version: 0.3.2
Check: re-building of vignette outputs
Result: WARN
    Error(s) in re-building vignettes:
    --- re-building 'cspp-vignette.Rmd' using rmarkdown
    Loading required package: dplyr
    
    Attaching package: 'dplyr'
    
    The following objects are masked from 'package:stats':
    
     filter, lag
    
    The following objects are masked from 'package:base':
    
     intersect, setdiff, setequal, union
    
    Please cite:
    
    Caleb Lucas and Joshua McCrain (2020). cspp: A Package for The Correlates of State Policy Project Data.
    R package version 0.3.2.
    
    Grossmann, M., Jordan, M. P. and McCrain, J. (2021) 'The Correlates of State Policy and the Structure of State Panel Data,'
    State Politics & Policy Quarterly. Cambridge University Press, pp. 1-21. doi: 10.1017/spq.2021.17.
    
    You are using the version of the Correlates Dataset stored in your local copy of csppData. Running `library(csppData)` will print your version number.
    
    Quitting from lines 288-302 (cspp-vignette.Rmd)
    Error: processing vignette 'cspp-vignette.Rmd' failed with diagnostics:
    there is no package called 'ggraph'
    --- failed re-building 'cspp-vignette.Rmd'
    
    SUMMARY: processing the following file failed:
     'cspp-vignette.Rmd'
    
    Error: Vignette re-building failed.
    Execution halted
Flavor: r-devel-windows-x86_64-gcc10-UCRT