CRAN Package Check Results for Package csppData

Last updated on 2021-12-02 00:49:07 CET.

Flavor Version Tinstall Tcheck Ttotal Status Flags
r-devel-linux-x86_64-debian-clang 0.1.4 14.85 25.08 39.93 OK
r-devel-linux-x86_64-debian-gcc 0.1.4 12.21 20.62 32.83 OK
r-devel-linux-x86_64-fedora-clang 0.1.4 62.64 NOTE
r-devel-linux-x86_64-fedora-gcc 0.1.4 52.43 NOTE
r-devel-windows-x86_64-new-UL 0.1.4 23.00 58.00 81.00 OK
r-devel-windows-x86_64-new-TK 0.1.4 NOTE
r-devel-windows-x86_64-old 0.1.4 21.00 29.00 50.00 OK
r-patched-linux-x86_64 0.1.4 14.28 24.53 38.81 OK
r-patched-solaris-x86 0.1.4 111.20 NOTE
r-release-linux-x86_64 0.1.4 14.44 24.42 38.86 OK
r-release-macos-arm64 0.1.4 NOTE
r-release-macos-x86_64 0.1.4 NOTE
r-release-windows-ix86+x86_64 0.1.4 20.00 31.00 51.00 OK
r-oldrel-macos-x86_64 0.1.4 NOTE
r-oldrel-windows-ix86+x86_64 0.1.4 20.00 29.00 49.00 OK

Check Details

Version: 0.1.4
Check: data for non-ASCII characters
Result: NOTE
     Note: found 1830 marked UTF-8 strings
Flavors: r-devel-linux-x86_64-fedora-clang, r-devel-linux-x86_64-fedora-gcc, r-devel-windows-x86_64-new-TK, r-patched-solaris-x86, r-release-macos-arm64, r-release-macos-x86_64, r-oldrel-macos-x86_64

Version: 0.1.4
Check: installed package size
Result: NOTE
     installed size is 5.1Mb
     sub-directories of 1Mb or more:
     data 5.1Mb
Flavor: r-release-macos-arm64