CRAN Package Check Results for Package csppData

Last updated on 2023-09-26 17:09:14 CEST.

Flavor Version Tinstall Tcheck Ttotal Status Flags
r-devel-linux-x86_64-debian-clang 0.2.61 19.69 25.88 45.57 OK
r-devel-linux-x86_64-debian-gcc 0.2.61 17.35 20.69 38.04 OK
r-devel-linux-x86_64-fedora-clang 0.2.61 59.29 NOTE
r-devel-linux-x86_64-fedora-gcc 0.2.61 60.68 NOTE
r-devel-windows-x86_64 0.2.61 15.00 46.00 61.00 NOTE
r-patched-linux-x86_64 0.2.61 19.06 26.06 45.12 OK
r-release-linux-x86_64 0.2.61 20.73 25.72 46.45 OK
r-release-macos-arm64 0.2.61 30.00 NOTE
r-release-macos-x86_64 0.2.61 40.00 NOTE
r-release-windows-x86_64 0.2.61 18.00 51.00 69.00 NOTE
r-oldrel-macos-arm64 0.2.61 37.00 NOTE
r-oldrel-macos-x86_64 0.2.61 40.00 NOTE
r-oldrel-windows-x86_64 0.2.61 29.00 54.00 83.00 NOTE

Check Details

Version: 0.2.61
Check: installed package size
Result: NOTE
     installed size is 7.7Mb
     sub-directories of 1Mb or more:
     data 7.6Mb
Flavors: r-devel-linux-x86_64-fedora-clang, r-devel-windows-x86_64, r-release-macos-arm64, r-release-macos-x86_64, r-release-windows-x86_64, r-oldrel-macos-arm64, r-oldrel-macos-x86_64, r-oldrel-windows-x86_64

Version: 0.2.61
Check: data for non-ASCII characters
Result: NOTE
     Note: found 3031 marked UTF-8 strings
Flavors: r-devel-linux-x86_64-fedora-clang, r-devel-linux-x86_64-fedora-gcc, r-oldrel-macos-x86_64