CRAN Package Check Results for Package csurvey

Last updated on 2021-10-27 13:07:55 CEST.

Flavor Version Tinstall Tcheck Ttotal Status Flags
r-devel-linux-x86_64-debian-clang 1.2 13.29 89.27 102.56 OK
r-devel-linux-x86_64-debian-gcc 1.2 10.16 66.96 77.12 OK
r-devel-linux-x86_64-fedora-clang 1.2 129.05 NOTE
r-devel-linux-x86_64-fedora-gcc 1.2 118.82 OK
r-devel-windows-x86_64 1.2 17.00 110.00 127.00 OK
r-devel-windows-x86_64-gcc10-UCRT 1.2 OK
r-patched-linux-x86_64 1.2 12.66 85.69 98.35 OK
r-patched-solaris-x86 1.2 176.40 OK
r-release-linux-x86_64 1.2 10.72 85.49 96.21 OK
r-release-macos-arm64 1.2 OK
r-release-macos-x86_64 1.2 OK
r-release-windows-ix86+x86_64 1.2 17.00 108.00 125.00 OK
r-oldrel-macos-x86_64 1.2 OK
r-oldrel-windows-ix86+x86_64 1.2 26.00 107.00 133.00 OK

Check Details

Version: 1.2
Check: Rd cross-references
Result: NOTE
    Undeclared package ‘cgam’ in Rd xrefs
Flavor: r-devel-linux-x86_64-fedora-clang