CRAN Package Check Results for Package csvy

Last updated on 2021-10-22 00:50:22 CEST.

Flavor Version Tinstall Tcheck Ttotal Status Flags
r-devel-linux-x86_64-debian-clang 0.3.0 2.78 30.12 32.90 OK
r-devel-linux-x86_64-debian-gcc 0.3.0 2.25 23.13 25.38 OK
r-devel-linux-x86_64-fedora-clang 0.3.0 50.42 OK
r-devel-linux-x86_64-fedora-gcc 0.3.0 39.24 OK
r-devel-windows-x86_64 0.3.0 6.00 46.00 52.00 OK
r-devel-windows-x86_64-gcc10-UCRT 0.3.0 ERROR
r-patched-linux-x86_64 0.3.0 3.00 28.44 31.44 OK
r-patched-solaris-x86 0.3.0 62.90 OK
r-release-linux-x86_64 0.3.0 2.47 28.83 31.30 OK
r-release-macos-arm64 0.3.0 OK
r-release-macos-x86_64 0.3.0 OK
r-release-windows-ix86+x86_64 0.3.0 6.00 51.00 57.00 OK
r-oldrel-macos-x86_64 0.3.0 OK
r-oldrel-windows-ix86+x86_64 0.3.0 7.00 49.00 56.00 OK

Check Details

Version: 0.3.0
Check: tests
Result: ERROR
     Running 'test-all.R'
    Running the tests in 'tests/test-all.R' failed.
    Complete output:
     > library("testthat")
     > library("csvy")
     > test_check("csvy", reporter = "summary")
     metadata:
     CSVY import/export with additional metadata: ....
     External metadata can be found and loaded: W.1.2
     read_metadata: ......
     read_csvy:
     CSVY import using read_csvy(): .....
     write_csvy:
     CSVY export using write_csvy(): .....
     write_metadata:
     write_metadata: ............
    
     ══ Warnings ════════════════════════════════════════════════════════════════════
     1. External metadata loads automatically (test-metadata.R:43:5) - 'metadata' should be either a .json or .yaml file.
    
     ══ Failed ══════════════════════════════════════════════════════════════════════
     ── 1. Failure (test-metadata.R:45:5): External metadata loads automatically ────
     file.exists(tmp_metadata) is not TRUE
    
     `actual`: FALSE
     `expected`: TRUE
    
     ── 2. Error (test-metadata.R:48:5): External metadata loads automatically ──────
     Error in `file(con, "r")`: invalid 'description' argument
     Backtrace:
     1. testthat::expect_identical(...) test-metadata.R:48:4
     4. base::readLines(dir(dirname(tmp), pattern = ".yaml", full.names = TRUE))
     5. base::file(con, "r")
    
     ══ DONE ════════════════════════════════════════════════════════════════════════
     Error: Test failures
     Execution halted
Flavor: r-devel-windows-x86_64-gcc10-UCRT